CRAN Package Check Results for Package VarSwapPrice

Last updated on 2021-09-26 06:49:25 CEST.

Flavor Version Tinstall Tcheck Ttotal Status Flags
r-devel-linux-x86_64-debian-clang 1.0 1.96 22.14 24.10 NOTE
r-devel-linux-x86_64-debian-gcc 1.0 1.50 17.62 19.12 NOTE
r-devel-linux-x86_64-fedora-clang 1.0 38.60 NOTE
r-devel-linux-x86_64-fedora-gcc 1.0 27.74 NOTE
r-devel-windows-x86_64 1.0 3.00 24.00 27.00 NOTE
r-devel-windows-x86_64-gcc10-UCRT 1.0 NOTE
r-patched-linux-x86_64 1.0 1.64 21.78 23.42 NOTE
r-patched-solaris-x86 1.0 45.30 NOTE
r-release-linux-x86_64 1.0 1.76 21.49 23.25 NOTE
r-release-macos-arm64 1.0 NOTE
r-release-macos-x86_64 1.0 NOTE
r-release-windows-ix86+x86_64 1.0 4.00 31.00 35.00 NOTE
r-oldrel-macos-x86_64 1.0 NOTE
r-oldrel-windows-ix86+x86_64 1.0 3.00 31.00 34.00 NOTE

Check Details

Version: 1.0
Check: R code for possible problems
Result: NOTE
    black_scholes: no visible global function definition for 'pnorm'
    Undefined global functions or variables:
     pnorm
    Consider adding
     importFrom("stats", "pnorm")
    to your NAMESPACE file.
Flavors: r-devel-linux-x86_64-debian-clang, r-devel-linux-x86_64-debian-gcc, r-devel-linux-x86_64-fedora-clang, r-devel-linux-x86_64-fedora-gcc, r-devel-windows-x86_64, r-devel-windows-x86_64-gcc10-UCRT, r-patched-linux-x86_64, r-patched-solaris-x86, r-release-linux-x86_64, r-release-macos-arm64, r-release-macos-x86_64, r-release-windows-ix86+x86_64, r-oldrel-macos-x86_64, r-oldrel-windows-ix86+x86_64