CRAN Package Check Results for Package WorldFlora

Last updated on 2021-11-27 08:50:54 CET.

Flavor Version Tinstall Tcheck Ttotal Status Flags
r-devel-linux-x86_64-debian-clang 1.9 OK
r-devel-linux-x86_64-debian-gcc 1.9 2.91 21.54 24.45 OK
r-devel-linux-x86_64-fedora-clang 1.9 48.17 NOTE
r-devel-linux-x86_64-fedora-gcc 1.9 37.88 NOTE
r-devel-windows-x86_64-new-UL 1.9 8.00 117.00 125.00 OK
r-devel-windows-x86_64-new-TK 1.9 NOTE
r-devel-windows-x86_64-old 1.9 5.00 46.00 51.00 OK
r-patched-linux-x86_64 1.9 3.57 26.68 30.25 OK
r-patched-solaris-x86 1.9 54.50 NOTE
r-release-linux-x86_64 1.9 OK
r-release-macos-arm64 1.9 NOTE
r-release-macos-x86_64 1.9 NOTE
r-release-windows-ix86+x86_64 1.9 7.00 34.00 41.00 OK
r-oldrel-macos-x86_64 1.9 NOTE
r-oldrel-windows-ix86+x86_64 1.9 6.00 47.00 53.00 OK

Check Details

Version: 1.9
Check: data for non-ASCII characters
Result: NOTE
     Note: found 2 marked UTF-8 strings
Flavors: r-devel-linux-x86_64-fedora-clang, r-devel-linux-x86_64-fedora-gcc, r-devel-windows-x86_64-new-TK, r-patched-solaris-x86, r-release-macos-arm64, r-release-macos-x86_64, r-oldrel-macos-x86_64