CRAN Package Check Results for Package abcrlda

Last updated on 2021-09-25 06:49:10 CEST.

Flavor Version Tinstall Tcheck Ttotal Status Flags
r-devel-linux-x86_64-debian-clang 1.0.3 2.06 25.26 27.32 NOTE
r-devel-linux-x86_64-debian-gcc 1.0.3 1.35 19.66 21.01 NOTE
r-devel-linux-x86_64-fedora-clang 1.0.3 42.10 NOTE
r-devel-linux-x86_64-fedora-gcc 1.0.3 32.05 NOTE
r-devel-windows-x86_64 1.0.3 3.00 28.00 31.00 NOTE
r-devel-windows-x86_64-gcc10-UCRT 1.0.3 NOTE
r-patched-linux-x86_64 1.0.3 2.07 24.61 26.68 NOTE
r-patched-solaris-x86 1.0.3 47.50 NOTE
r-release-linux-x86_64 1.0.3 2.17 24.46 26.63 NOTE
r-release-macos-arm64 1.0.3 NOTE
r-release-macos-x86_64 1.0.3 NOTE
r-release-windows-ix86+x86_64 1.0.3 6.00 39.00 45.00 NOTE
r-oldrel-macos-x86_64 1.0.3 OK
r-oldrel-windows-ix86+x86_64 1.0.3 5.00 38.00 43.00 OK

Check Details

Version: 1.0.3
Check: LazyData
Result: NOTE
     'LazyData' is specified without a 'data' directory
Flavors: r-devel-linux-x86_64-debian-clang, r-devel-linux-x86_64-debian-gcc, r-devel-linux-x86_64-fedora-clang, r-devel-linux-x86_64-fedora-gcc, r-devel-windows-x86_64, r-devel-windows-x86_64-gcc10-UCRT, r-patched-linux-x86_64, r-patched-solaris-x86, r-release-linux-x86_64, r-release-macos-arm64, r-release-macos-x86_64, r-release-windows-ix86+x86_64