CRAN Package Check Results for Package actel

Last updated on 2021-11-27 08:50:30 CET.

Flavor Version Tinstall Tcheck Ttotal Status Flags
r-devel-linux-x86_64-debian-clang 1.2.1 NOTE
r-devel-linux-x86_64-debian-gcc 1.2.1 18.38 138.11 156.49 NOTE
r-devel-linux-x86_64-fedora-clang 1.2.1 257.15 NOTE
r-devel-linux-x86_64-fedora-gcc 1.2.1 243.05 NOTE
r-devel-windows-x86_64-new-UL 1.2.1 59.00 288.00 347.00 OK
r-devel-windows-x86_64-new-TK 1.2.1 NOTE
r-devel-windows-x86_64-old 1.2.1 30.00 264.00 294.00 OK
r-patched-linux-x86_64 1.2.1 23.93 187.55 211.48 NOTE
r-release-linux-x86_64 1.2.1 NOTE
r-release-macos-arm64 1.2.1 NOTE
r-release-macos-x86_64 1.2.1 NOTE
r-release-windows-ix86+x86_64 1.2.1 42.00 226.00 268.00 OK
r-oldrel-macos-x86_64 1.2.1 NOTE
r-oldrel-windows-ix86+x86_64 1.2.1 45.00 228.00 273.00 OK

Check Details

Version: 1.2.1
Check: package dependencies
Result: NOTE
    Package suggested but not available for checking: 'gWidgets2RGtk2'
Flavors: r-devel-linux-x86_64-debian-clang, r-devel-linux-x86_64-debian-gcc, r-devel-linux-x86_64-fedora-gcc, r-devel-windows-x86_64-new-TK, r-patched-linux-x86_64, r-release-linux-x86_64

Version: 1.2.1
Check: package dependencies
Result: NOTE
    Package suggested but not available for checking: ‘gWidgets2RGtk2’
    
    Suggests orphaned package: ‘RGtk2’
Flavor: r-devel-linux-x86_64-fedora-clang

Version: 1.2.1
Check: installed package size
Result: NOTE
     installed size is 5.0Mb
     sub-directories of 1Mb or more:
     doc 3.7Mb
Flavors: r-devel-linux-x86_64-fedora-clang, r-release-macos-arm64, r-release-macos-x86_64, r-oldrel-macos-x86_64

Version: 1.2.1
Check: dependencies in R code
Result: NOTE
    Namespace in Imports field not imported from: ‘svglite’
     All declared Imports should be used.
Flavors: r-devel-linux-x86_64-fedora-clang, r-devel-linux-x86_64-fedora-gcc, r-devel-windows-x86_64-new-TK, r-release-macos-arm64, r-release-macos-x86_64, r-oldrel-macos-x86_64

Version: 1.2.1
Check: package dependencies
Result: NOTE
    Packages suggested but not available for checking:
     'RGtk2', 'gWidgets2RGtk2'
Flavor: r-release-macos-arm64