CRAN Package Check Results for Package adept

Last updated on 2021-09-18 09:53:16 CEST.

Flavor Version Tinstall Tcheck Ttotal Status Flags
r-devel-linux-x86_64-debian-clang 1.2 14.04 330.25 344.29 NOTE
r-devel-linux-x86_64-debian-gcc 1.2 10.11 241.40 251.51 NOTE
r-devel-linux-x86_64-fedora-clang 1.2 419.07 NOTE
r-devel-linux-x86_64-fedora-gcc 1.2 391.93 NOTE
r-devel-windows-x86_64 1.2 14.00 149.00 163.00 NOTE --no-vignettes
r-devel-windows-x86_64-gcc10-UCRT 1.2 NOTE
r-patched-linux-x86_64 1.2 12.63 323.04 335.67 NOTE
r-patched-solaris-x86 1.2 732.20 NOTE
r-release-linux-x86_64 1.2 12.46 331.39 343.85 NOTE
r-release-macos-arm64 1.2 NOTE
r-release-macos-x86_64 1.2 NOTE
r-release-windows-ix86+x86_64 1.2 30.00 107.00 137.00 NOTE --no-vignettes
r-oldrel-macos-x86_64 1.2 NOTE
r-oldrel-windows-ix86+x86_64 1.2 29.00 104.00 133.00 NOTE --no-vignettes

Check Details

Version: 1.2
Check: LazyData
Result: NOTE
     'LazyData' is specified without a 'data' directory
Flavors: r-devel-linux-x86_64-debian-clang, r-devel-linux-x86_64-debian-gcc, r-devel-linux-x86_64-fedora-clang, r-devel-linux-x86_64-fedora-gcc, r-devel-windows-x86_64-gcc10-UCRT, r-patched-linux-x86_64, r-patched-solaris-x86, r-release-linux-x86_64, r-release-macos-arm64, r-release-macos-x86_64

Version: 1.2
Check: installed package size
Result: NOTE
     installed size is 5.1Mb
     sub-directories of 1Mb or more:
     doc 4.7Mb
Flavors: r-devel-linux-x86_64-fedora-clang, r-patched-solaris-x86, r-release-macos-arm64, r-release-macos-x86_64, r-oldrel-macos-x86_64

Version: 1.2
Flags: --no-vignettes
Check: installed package size
Result: NOTE
     installed size is 5.1Mb
     sub-directories of 1Mb or more:
     doc 4.7Mb
Flavors: r-devel-windows-x86_64, r-release-windows-ix86+x86_64, r-oldrel-windows-ix86+x86_64

Version: 1.2
Flags: --no-vignettes
Check: LazyData
Result: NOTE
     'LazyData' is specified without a 'data' directory
Flavors: r-devel-windows-x86_64, r-release-windows-ix86+x86_64