CRAN Package Check Results for Package adjclust

Last updated on 2021-09-21 06:48:08 CEST.

Flavor Version Tinstall Tcheck Ttotal Status Flags
r-devel-linux-x86_64-debian-clang 0.6.3 48.74 157.33 206.07 OK
r-devel-linux-x86_64-debian-gcc 0.6.3 33.10 114.99 148.09 OK
r-devel-linux-x86_64-fedora-clang 0.6.3 259.34 NOTE
r-devel-linux-x86_64-fedora-gcc 0.6.3 237.57 OK
r-devel-windows-x86_64 0.6.3 44.00 150.00 194.00 NOTE
r-devel-windows-x86_64-gcc10-UCRT 0.6.3 ERROR
r-patched-linux-x86_64 0.6.3 42.31 146.46 188.77 OK
r-patched-solaris-x86 0.6.3 330.90 OK
r-release-linux-x86_64 0.6.3 37.45 146.43 183.88 OK
r-release-macos-arm64 0.6.3 NOTE
r-release-macos-x86_64 0.6.3 NOTE
r-release-windows-ix86+x86_64 0.6.3 110.00 262.00 372.00 NOTE
r-oldrel-macos-x86_64 0.6.3 ERROR
r-oldrel-windows-ix86+x86_64 0.6.3 105.00 272.00 377.00 NOTE

Check Details

Version: 0.6.3
Check: installed package size
Result: NOTE
     installed size is 6.1Mb
     sub-directories of 1Mb or more:
     doc 3.6Mb
     libs 1.9Mb
Flavors: r-devel-linux-x86_64-fedora-clang, r-devel-windows-x86_64, r-release-macos-arm64, r-release-macos-x86_64, r-release-windows-ix86+x86_64, r-oldrel-windows-ix86+x86_64

Version: 0.6.3
Check: package dependencies
Result: NOTE
    Package suggested but not available for checking: 'HiTC'
Flavors: r-devel-windows-x86_64-gcc10-UCRT, r-release-macos-x86_64

Version: 0.6.3
Check: whether package can be installed
Result: ERROR
    Installation failed.
Flavor: r-devel-windows-x86_64-gcc10-UCRT

Version: 0.6.3
Check: package dependencies
Result: ERROR
    Package required but not available: ‘sparseMatrixStats’
    
    Package suggested but not available for checking: ‘HiTC’
    
    See section ‘The DESCRIPTION file’ in the ‘Writing R Extensions’
    manual.
Flavor: r-oldrel-macos-x86_64