CRAN Package Check Results for Package ahaz

Last updated on 2023-05-28 01:53:51 CEST.

Flavor Version Tinstall Tcheck Ttotal Status Flags
r-devel-linux-x86_64-debian-clang 1.15 7.90 85.44 93.34 OK
r-devel-linux-x86_64-debian-gcc 1.15 8.49 65.19 73.68 OK
r-devel-linux-x86_64-fedora-clang 1.15 117.93 NOTE
r-devel-linux-x86_64-fedora-gcc 1.15 133.18 NOTE
r-devel-windows-x86_64 1.15 12.00 91.00 103.00 OK
r-patched-linux-x86_64 1.15 11.93 81.64 93.57 OK
r-release-linux-x86_64 1.15 11.27 80.19 91.46 OK
r-release-macos-arm64 1.15 40.00 OK
r-release-macos-x86_64 1.15 62.00 OK
r-release-windows-x86_64 1.15 14.00 103.00 117.00 OK
r-oldrel-macos-arm64 1.15 40.00 OK
r-oldrel-macos-x86_64 1.15 54.00 OK
r-oldrel-windows-x86_64 1.15 14.00 103.00 117.00 OK

Check Details

Version: 1.15
Check: compiled code
Result: NOTE
    File ‘ahaz/libs/ahaz.so’:
     Found no calls to: ‘R_registerRoutines’, ‘R_useDynamicSymbols’
    
    It is good practice to register native routines and to disable symbol
    search.
    
    See ‘Writing portable packages’ in the ‘Writing R Extensions’ manual.
Flavors: r-devel-linux-x86_64-fedora-clang, r-devel-linux-x86_64-fedora-gcc