Last updated on 2023-05-28 01:53:51 CEST.
Flavor | Version | Tinstall | Tcheck | Ttotal | Status | Flags |
---|---|---|---|---|---|---|
r-devel-linux-x86_64-debian-clang | 0.3.1 | 7.39 | 180.98 | 188.37 | OK | |
r-devel-linux-x86_64-debian-gcc | 0.3.1 | 6.08 | 148.80 | 154.88 | OK | |
r-devel-linux-x86_64-fedora-clang | 0.3.1 | 231.78 | NOTE | |||
r-devel-linux-x86_64-fedora-gcc | 0.3.1 | 272.93 | OK | |||
r-devel-windows-x86_64 | 0.3.1 | 9.00 | 214.00 | 223.00 | NOTE | |
r-patched-linux-x86_64 | 0.3.1 | 7.59 | 190.96 | 198.55 | OK | |
r-release-linux-x86_64 | 0.3.1 | 4.76 | 194.29 | 199.05 | OK | |
r-release-macos-arm64 | 0.3.1 | 113.00 | NOTE | |||
r-release-macos-x86_64 | 0.3.1 | 162.00 | NOTE | |||
r-release-windows-x86_64 | 0.3.1 | 11.00 | 235.00 | 246.00 | NOTE | |
r-oldrel-macos-arm64 | 0.3.1 | 88.00 | NOTE | |||
r-oldrel-macos-x86_64 | 0.3.1 | 127.00 | NOTE | |||
r-oldrel-windows-x86_64 | 0.3.1 | 11.00 | 218.00 | 229.00 | NOTE |
Version: 0.3.1
Check: installed package size
Result: NOTE
installed size is 6.5Mb
sub-directories of 1Mb or more:
ShinyGR 4.3Mb
doc 2.0Mb
Flavors: r-devel-linux-x86_64-fedora-clang, r-devel-windows-x86_64, r-release-macos-arm64, r-release-macos-x86_64, r-release-windows-x86_64, r-oldrel-macos-arm64, r-oldrel-macos-x86_64, r-oldrel-windows-x86_64