CRAN Package Check Results for Package alakazam

Last updated on 2021-10-22 12:59:06 CEST.

Flavor Version Tinstall Tcheck Ttotal Status Flags
r-devel-linux-x86_64-debian-clang 1.1.0 56.80 490.77 547.57 OK
r-devel-linux-x86_64-debian-gcc 1.1.0 47.43 365.75 413.18 OK
r-devel-linux-x86_64-fedora-clang 1.1.0 682.00 OK
r-devel-linux-x86_64-fedora-gcc 1.1.0 661.36 OK
r-devel-windows-x86_64 1.1.0 84.00 644.00 728.00 OK
r-devel-windows-x86_64-gcc10-UCRT 1.1.0 ERROR
r-patched-linux-x86_64 1.1.0 56.91 549.37 606.28 OK
r-patched-solaris-x86 1.1.0 679.50 OK
r-release-linux-x86_64 1.1.0 53.66 545.68 599.34 OK
r-release-macos-arm64 1.1.0 OK
r-release-macos-x86_64 1.1.0 OK
r-release-windows-ix86+x86_64 1.1.0 120.00 920.00 1040.00 OK
r-oldrel-macos-x86_64 1.1.0 OK
r-oldrel-windows-ix86+x86_64 1.1.0 142.00 975.00 1117.00 OK

Check Details

Version: 1.1.0
Check: package dependencies
Result: ERROR
    Package required but not available: 'igraph'
    
    See section 'The DESCRIPTION file' in the 'Writing R Extensions'
    manual.
Flavor: r-devel-windows-x86_64-gcc10-UCRT