CRAN Package Check Results for Package amapGeocode

Last updated on 2021-10-21 12:57:52 CEST.

Flavor Version Tinstall Tcheck Ttotal Status Flags
r-devel-linux-x86_64-debian-clang 0.6.0 2.38 28.08 30.46 OK
r-devel-linux-x86_64-debian-gcc 0.6.0 1.73 22.02 23.75 OK
r-devel-linux-x86_64-fedora-clang 0.6.0 48.43 NOTE
r-devel-linux-x86_64-fedora-gcc 0.6.0 37.42 NOTE
r-devel-windows-x86_64 0.6.0 5.00 50.00 55.00 OK
r-devel-windows-x86_64-gcc10-UCRT 0.6.0 NOTE
r-patched-linux-x86_64 0.6.0 2.92 26.61 29.53 OK
r-patched-solaris-x86 0.6.0 58.50 NOTE
r-release-linux-x86_64 0.6.0 2.42 26.80 29.22 OK
r-release-macos-arm64 0.6.0 NOTE
r-release-macos-x86_64 0.6.0 NOTE
r-release-windows-ix86+x86_64 0.6.0 7.00 46.00 53.00 OK
r-oldrel-macos-x86_64 0.6.0 NOTE
r-oldrel-windows-ix86+x86_64 0.6.0 7.00 50.00 57.00 OK

Check Details

Version: 0.6.0
Check: dependencies in R code
Result: NOTE
    Namespace in Imports field not imported from: ‘jsonlite’
     All declared Imports should be used.
Flavors: r-devel-linux-x86_64-fedora-clang, r-devel-linux-x86_64-fedora-gcc, r-devel-windows-x86_64-gcc10-UCRT, r-patched-solaris-x86, r-release-macos-arm64, r-release-macos-x86_64, r-oldrel-macos-x86_64