CRAN Package Check Results for Package apa

Last updated on 2021-09-25 06:49:11 CEST.

Flavor Version Tinstall Tcheck Ttotal Status Flags
r-devel-linux-x86_64-debian-clang 0.3.3 4.84 64.28 69.12 NOTE
r-devel-linux-x86_64-debian-gcc 0.3.3 4.41 47.44 51.85 NOTE
r-devel-linux-x86_64-fedora-clang 0.3.3 90.96 NOTE
r-devel-linux-x86_64-fedora-gcc 0.3.3 79.29 NOTE
r-devel-windows-x86_64 0.3.3 8.00 67.00 75.00 NOTE
r-devel-windows-x86_64-gcc10-UCRT 0.3.3 NOTE
r-patched-linux-x86_64 0.3.3 4.92 58.84 63.76 NOTE
r-patched-solaris-x86 0.3.3 115.20 NOTE
r-release-linux-x86_64 0.3.3 5.11 59.41 64.52 NOTE
r-release-macos-arm64 0.3.3 NOTE
r-release-macos-x86_64 0.3.3 NOTE
r-release-windows-ix86+x86_64 0.3.3 15.00 85.00 100.00 NOTE
r-oldrel-macos-x86_64 0.3.3 OK
r-oldrel-windows-ix86+x86_64 0.3.3 11.00 65.00 76.00 OK

Check Details

Version: 0.3.3
Check: LazyData
Result: NOTE
     'LazyData' is specified without a 'data' directory
Flavors: r-devel-linux-x86_64-debian-clang, r-devel-linux-x86_64-debian-gcc, r-devel-linux-x86_64-fedora-clang, r-devel-linux-x86_64-fedora-gcc, r-devel-windows-x86_64, r-devel-windows-x86_64-gcc10-UCRT, r-patched-linux-x86_64, r-patched-solaris-x86, r-release-linux-x86_64, r-release-macos-arm64, r-release-macos-x86_64, r-release-windows-ix86+x86_64