CRAN Package Check Results for Package archetyper

Last updated on 2023-02-04 00:50:41 CET.

Flavor Version Tinstall Tcheck Ttotal Status Flags
r-devel-linux-x86_64-debian-clang 0.1.0 2.94 27.67 30.61 NOTE
r-devel-linux-x86_64-debian-gcc 0.1.0 1.94 21.89 23.83 NOTE
r-devel-linux-x86_64-fedora-clang 0.1.0 40.14 NOTE
r-devel-linux-x86_64-fedora-gcc 0.1.0 48.68 NOTE
r-devel-windows-x86_64 0.1.0 18.00 61.00 79.00 NOTE
r-patched-linux-x86_64 0.1.0 2.59 28.27 30.86 NOTE
r-release-linux-x86_64 0.1.0 2.71 27.94 30.65 NOTE
r-release-macos-arm64 0.1.0 19.00 NOTE
r-release-macos-x86_64 0.1.0 29.00 NOTE
r-release-windows-x86_64 0.1.0 20.00 64.00 84.00 NOTE
r-oldrel-macos-arm64 0.1.0 21.00 NOTE
r-oldrel-macos-x86_64 0.1.0 24.00 NOTE
r-oldrel-windows-ix86+x86_64 0.1.0 9.00 54.00 63.00 NOTE

Check Details

Version: 0.1.0
Check: LazyData
Result: NOTE
     'LazyData' is specified without a 'data' directory
Flavors: r-devel-linux-x86_64-debian-clang, r-devel-linux-x86_64-debian-gcc, r-devel-linux-x86_64-fedora-clang, r-devel-linux-x86_64-fedora-gcc, r-devel-windows-x86_64, r-patched-linux-x86_64, r-release-linux-x86_64, r-release-macos-arm64, r-release-macos-x86_64, r-release-windows-x86_64, r-oldrel-macos-arm64, r-oldrel-macos-x86_64, r-oldrel-windows-ix86+x86_64

Version: 0.1.0
Check: dependencies in R code
Result: NOTE
    Namespaces in Imports field not imported from:
     ‘bannerCommenter’ ‘config’ ‘feather’ ‘here’ ‘knitr’ ‘log4r’ ‘ps’
     ‘rmarkdown’ ‘skimr’ ‘snakecase’ ‘testthat’ ‘tidyverse’
     All declared Imports should be used.
Flavors: r-devel-linux-x86_64-fedora-clang, r-devel-linux-x86_64-fedora-gcc, r-release-macos-arm64, r-release-macos-x86_64, r-oldrel-macos-arm64, r-oldrel-macos-x86_64