CRAN Package Check Results for Package argo

Last updated on 2021-09-28 06:48:16 CEST.

Flavor Version Tinstall Tcheck Ttotal Status Flags
r-devel-linux-x86_64-debian-clang 3.0.1 11.49 138.27 149.76 NOTE
r-devel-linux-x86_64-debian-gcc 3.0.1 9.52 105.56 115.08 NOTE
r-devel-linux-x86_64-fedora-clang 3.0.1 184.47 NOTE
r-devel-linux-x86_64-fedora-gcc 3.0.1 172.87 NOTE
r-devel-windows-x86_64 3.0.1 14.00 130.00 144.00 NOTE
r-devel-windows-x86_64-gcc10-UCRT 3.0.1 NOTE
r-patched-linux-x86_64 3.0.1 12.11 131.29 143.40 NOTE
r-patched-solaris-x86 3.0.1 236.20 NOTE
r-release-linux-x86_64 3.0.1 11.26 133.57 144.83 NOTE
r-release-macos-arm64 3.0.1 NOTE
r-release-macos-x86_64 3.0.1 NOTE
r-release-windows-ix86+x86_64 3.0.1 24.00 174.00 198.00 NOTE
r-oldrel-macos-x86_64 3.0.1 OK
r-oldrel-windows-ix86+x86_64 3.0.1 17.00 135.00 152.00 OK

Check Details

Version: 3.0.1
Check: LazyData
Result: NOTE
     'LazyData' is specified without a 'data' directory
Flavors: r-devel-linux-x86_64-debian-clang, r-devel-linux-x86_64-debian-gcc, r-devel-linux-x86_64-fedora-clang, r-devel-linux-x86_64-fedora-gcc, r-devel-windows-x86_64, r-devel-windows-x86_64-gcc10-UCRT, r-patched-linux-x86_64, r-patched-solaris-x86, r-release-linux-x86_64, r-release-macos-arm64, r-release-macos-x86_64, r-release-windows-ix86+x86_64