Last updated on 2022-08-16 02:51:32 CEST.
Flavor | Version | Tinstall | Tcheck | Ttotal | Status | Flags |
---|---|---|---|---|---|---|
r-devel-linux-x86_64-debian-clang | 0.0.15 | 2.89 | 313.79 | 316.68 | OK | |
r-devel-linux-x86_64-debian-gcc | 0.0.15 | 2.60 | 240.43 | 243.03 | OK | |
r-devel-linux-x86_64-fedora-clang | 0.0.15 | 377.47 | OK | |||
r-devel-linux-x86_64-fedora-gcc | 0.0.15 | 375.12 | OK | |||
r-devel-windows-x86_64 | 0.0.15 | 21.00 | 377.00 | 398.00 | OK | |
r-patched-linux-x86_64 | 0.0.15 | 3.92 | 313.11 | 317.03 | OK | |
r-release-linux-x86_64 | 0.0.15 | 3.00 | 304.44 | 307.44 | OK | |
r-release-macos-arm64 | 0.0.15 | 121.00 | OK | |||
r-release-macos-x86_64 | 0.0.15 | 170.00 | OK | |||
r-release-windows-x86_64 | 0.0.15 | 22.00 | 348.00 | 370.00 | OK | |
r-oldrel-macos-arm64 | 0.0.15 | 124.00 | OK | |||
r-oldrel-macos-x86_64 | 0.0.15 | 193.00 | OK | |||
r-oldrel-windows-ix86+x86_64 | 0.0.15 | 8.00 | 396.00 | 404.00 | WARN |
Version: 0.0.15
Check: for unstated dependencies in ‘tests’
Result: WARN
Warning: unable to access index for repository https://bioconductor.org/packages/3.14/bioc/src/contrib:
cannot open URL 'https://bioconductor.org/packages/3.14/bioc/src/contrib/PACKAGES'
Warning: unable to access index for repository https://bioconductor.org/packages/3.14/data/annotation/src/contrib:
cannot open URL 'https://bioconductor.org/packages/3.14/data/annotation/src/contrib/PACKAGES'
Warning: unable to access index for repository https://bioconductor.org/packages/3.14/data/experiment/src/contrib:
cannot open URL 'https://bioconductor.org/packages/3.14/data/experiment/src/contrib/PACKAGES'
Flavor: r-oldrel-windows-ix86+x86_64