CRAN Package Check Results for Package arrow

Last updated on 2021-09-27 06:48:16 CEST.

Flavor Version Tinstall Tcheck Ttotal Status Flags
r-devel-linux-x86_64-debian-clang 5.0.0.2 1885.40 136.18 2021.58 OK
r-devel-linux-x86_64-debian-gcc 5.0.0.2 1192.69 100.76 1293.45 OK
r-devel-linux-x86_64-fedora-clang 5.0.0.2 2627.82 NOTE
r-devel-linux-x86_64-fedora-gcc 5.0.0.2 2161.56 OK
r-devel-windows-x86_64 5.0.0.2 284.00 203.00 487.00 NOTE
r-devel-windows-x86_64-gcc10-UCRT 5.0.0.2 OK
r-patched-linux-x86_64 5.0.0.2 1359.87 138.69 1498.56 OK
r-patched-solaris-x86 5.0.0.2 290.50 OK
r-release-linux-x86_64 5.0.0.2 1387.08 137.88 1524.96 OK
r-release-macos-arm64 5.0.0.2 NOTE
r-release-macos-x86_64 5.0.0.2 NOTE
r-release-windows-ix86+x86_64 5.0.0.2 608.00 383.00 991.00 NOTE
r-oldrel-macos-x86_64 5.0.0.2 NOTE
r-oldrel-windows-ix86+x86_64 5.0.0.2 448.00 296.00 744.00 NOTE

Check Details

Version: 5.0.0.2
Check: installed package size
Result: NOTE
     installed size is 43.9Mb
     sub-directories of 1Mb or more:
     R 3.6Mb
     libs 39.4Mb
Flavors: r-devel-linux-x86_64-fedora-clang, r-devel-windows-x86_64, r-release-macos-arm64, r-release-macos-x86_64, r-release-windows-ix86+x86_64, r-oldrel-macos-x86_64, r-oldrel-windows-ix86+x86_64