CRAN Package Check Results for Package ashr

Last updated on 2021-10-22 12:59:06 CEST.

Flavor Version Tinstall Tcheck Ttotal Status Flags
r-devel-linux-x86_64-debian-clang 2.2-47 26.44 225.75 252.19 NOTE
r-devel-linux-x86_64-debian-gcc 2.2-47 23.00 146.55 169.55 NOTE
r-devel-linux-x86_64-fedora-clang 2.2-47 296.33 NOTE
r-devel-linux-x86_64-fedora-gcc 2.2-47 272.05 NOTE
r-devel-windows-x86_64 2.2-47 41.00 255.00 296.00 NOTE
r-devel-windows-x86_64-gcc10-UCRT 2.2-47 NOTE
r-patched-linux-x86_64 2.2-47 27.15 188.33 215.48 NOTE
r-patched-solaris-x86 2.2-47 370.20 NOTE
r-release-linux-x86_64 2.2-47 25.66 189.82 215.48 NOTE
r-release-macos-arm64 2.2-47 NOTE
r-release-macos-x86_64 2.2-47 NOTE
r-release-windows-ix86+x86_64 2.2-47 47.00 391.00 438.00 NOTE
r-oldrel-macos-x86_64 2.2-47 OK
r-oldrel-windows-ix86+x86_64 2.2-47 69.00 406.00 475.00 OK

Check Details

Version: 2.2-47
Check: LazyData
Result: NOTE
     'LazyData' is specified without a 'data' directory
Flavors: r-devel-linux-x86_64-debian-clang, r-devel-linux-x86_64-debian-gcc, r-devel-linux-x86_64-fedora-clang, r-devel-linux-x86_64-fedora-gcc, r-devel-windows-x86_64, r-devel-windows-x86_64-gcc10-UCRT, r-patched-linux-x86_64, r-patched-solaris-x86, r-release-linux-x86_64, r-release-macos-arm64, r-release-macos-x86_64, r-release-windows-ix86+x86_64

Version: 2.2-47
Check: package dependencies
Result: NOTE
    Package suggested but not available for checking: ‘REBayes’
Flavor: r-patched-solaris-x86