CRAN Package Check Results for Package assertive.code

Last updated on 2021-10-27 04:00:02 CEST.

Flavor Version Tinstall Tcheck Ttotal Status Flags
r-devel-linux-x86_64-debian-clang 0.0-3 2.38 25.67 28.05 NOTE
r-devel-linux-x86_64-debian-gcc 0.0-3 1.74 20.47 22.21 NOTE
r-devel-linux-x86_64-fedora-clang 0.0-3 45.60 NOTE
r-devel-linux-x86_64-fedora-gcc 0.0-3 34.57 NOTE
r-devel-windows-x86_64 0.0-3 4.00 44.00 48.00 NOTE
r-devel-windows-x86_64-gcc10-UCRT 0.0-3 NOTE
r-patched-linux-x86_64 0.0-3 2.45 24.90 27.35 NOTE
r-patched-solaris-x86 0.0-3 55.60 NOTE
r-release-linux-x86_64 0.0-3 2.30 24.90 27.20 NOTE
r-release-macos-arm64 0.0-3 NOTE
r-release-macos-x86_64 0.0-3 NOTE
r-release-windows-ix86+x86_64 0.0-3 4.00 45.00 49.00 NOTE
r-oldrel-macos-x86_64 0.0-3 OK
r-oldrel-windows-ix86+x86_64 0.0-3 5.00 45.00 50.00 OK

Check Details

Version: 0.0-3
Check: LazyData
Result: NOTE
     'LazyData' is specified without a 'data' directory
Flavors: r-devel-linux-x86_64-debian-clang, r-devel-linux-x86_64-debian-gcc, r-devel-linux-x86_64-fedora-clang, r-devel-linux-x86_64-fedora-gcc, r-devel-windows-x86_64, r-devel-windows-x86_64-gcc10-UCRT, r-patched-linux-x86_64, r-patched-solaris-x86, r-release-linux-x86_64, r-release-macos-arm64, r-release-macos-x86_64, r-release-windows-ix86+x86_64