CRAN Package Check Results for Package assertive.datetimes

Last updated on 2021-09-20 07:50:19 CEST.

Flavor Version Tinstall Tcheck Ttotal Status Flags
r-devel-linux-x86_64-debian-clang 0.0-3 2.21 25.07 27.28 NOTE
r-devel-linux-x86_64-debian-gcc 0.0-3 1.68 20.06 21.74 NOTE
r-devel-linux-x86_64-fedora-clang 0.0-3 42.43 NOTE
r-devel-linux-x86_64-fedora-gcc 0.0-3 32.47 NOTE
r-devel-windows-x86_64 0.0-3 3.00 30.00 33.00 NOTE
r-devel-windows-x86_64-gcc10-UCRT 0.0-3 ERROR
r-patched-linux-x86_64 0.0-3 2.14 24.52 26.66 NOTE
r-patched-solaris-x86 0.0-3 50.90 NOTE
r-release-linux-x86_64 0.0-3 2.04 24.41 26.45 NOTE
r-release-macos-arm64 0.0-3 NOTE
r-release-macos-x86_64 0.0-3 NOTE
r-release-windows-ix86+x86_64 0.0-3 5.00 40.00 45.00 NOTE
r-oldrel-macos-x86_64 0.0-3 OK
r-oldrel-windows-ix86+x86_64 0.0-3 5.00 30.00 35.00 OK

Check Details

Version: 0.0-3
Check: LazyData
Result: NOTE
     'LazyData' is specified without a 'data' directory
Flavors: r-devel-linux-x86_64-debian-clang, r-devel-linux-x86_64-debian-gcc, r-devel-linux-x86_64-fedora-clang, r-devel-linux-x86_64-fedora-gcc, r-devel-windows-x86_64, r-devel-windows-x86_64-gcc10-UCRT, r-patched-linux-x86_64, r-patched-solaris-x86, r-release-linux-x86_64, r-release-macos-arm64, r-release-macos-x86_64, r-release-windows-ix86+x86_64

Version: 0.0-3
Check: whether package can be installed
Result: WARN
    Found the following significant warnings:
     WARNING: installation-time patches will not be applied, could not get the patches index
Flavor: r-devel-windows-x86_64-gcc10-UCRT

Version: 0.0-3
Check: PDF version of manual
Result: WARN
    LaTeX errors when creating PDF version.
    This typically indicates Rd problems.
Flavor: r-devel-windows-x86_64-gcc10-UCRT

Version: 0.0-3
Check: PDF version of manual without hyperrefs or index
Result: ERROR
    Re-running with no redirection of stdout/stderr.
Flavor: r-devel-windows-x86_64-gcc10-UCRT