CRAN Package Check Results for Package aster2

Last updated on 2021-09-20 07:50:19 CEST.

Flavor Version Tinstall Tcheck Ttotal Status Flags
r-devel-linux-x86_64-debian-clang 0.3 10.51 110.28 120.79 OK
r-devel-linux-x86_64-debian-gcc 0.3 9.00 82.80 91.80 OK
r-devel-linux-x86_64-fedora-clang 0.3 151.55 OK
r-devel-linux-x86_64-fedora-gcc 0.3 143.78 OK
r-devel-windows-x86_64 0.3 14.00 110.00 124.00 OK
r-devel-windows-x86_64-gcc10-UCRT 0.3 ERROR
r-patched-linux-x86_64 0.3 9.92 106.47 116.39 OK
r-patched-solaris-x86 0.3 225.00 OK
r-release-linux-x86_64 0.3 9.79 106.47 116.26 OK
r-release-macos-arm64 0.3 OK
r-release-macos-x86_64 0.3 OK
r-release-windows-ix86+x86_64 0.3 30.00 210.00 240.00 OK
r-oldrel-macos-x86_64 0.3 OK
r-oldrel-windows-ix86+x86_64 0.3 28.00 170.00 198.00 OK

Check Details

Version: 0.3
Check: whether package can be installed
Result: ERROR
    Installation failed.
Flavor: r-devel-windows-x86_64-gcc10-UCRT