CRAN Package Check Results for Package attrib

Last updated on 2021-09-22 06:48:15 CEST.

Flavor Version Tinstall Tcheck Ttotal Status Flags
r-devel-linux-x86_64-debian-clang 2021.1.2 3.17 216.93 220.10 OK
r-devel-linux-x86_64-debian-gcc 2021.1.2 2.78 159.80 162.58 OK
r-devel-linux-x86_64-fedora-clang 2021.1.2 246.51 NOTE
r-devel-linux-x86_64-fedora-gcc 2021.1.2 242.33 NOTE
r-devel-windows-x86_64 2021.1.2 6.00 200.00 206.00 OK
r-devel-windows-x86_64-gcc10-UCRT 2021.1.2 ERROR
r-patched-linux-x86_64 2021.1.2 3.34 198.43 201.77 OK
r-patched-solaris-x86 2021.1.2 580.00 NOTE
r-release-linux-x86_64 2021.1.2 3.53 229.19 232.72 OK
r-release-macos-arm64 2021.1.2 NOTE
r-release-macos-x86_64 2021.1.2 NOTE
r-release-windows-ix86+x86_64 2021.1.2 10.00 249.00 259.00 OK
r-oldrel-macos-x86_64 2021.1.2 NOTE
r-oldrel-windows-ix86+x86_64 2021.1.2 9.00 247.00 256.00 OK

Check Details

Version: 2021.1.2
Check: dependencies in R code
Result: NOTE
    Namespaces in Imports field not imported from:
     ‘dlnm’ ‘ggplot2’ ‘lubridate’ ‘mvmeta’ ‘pbs’ ‘tsModel’
     All declared Imports should be used.
Flavors: r-devel-linux-x86_64-fedora-clang, r-devel-linux-x86_64-fedora-gcc, r-patched-solaris-x86, r-release-macos-arm64, r-release-macos-x86_64, r-oldrel-macos-x86_64

Version: 2021.1.2
Check: package dependencies
Result: ERROR
    Package required but not available: 'arm'
    
    See section 'The DESCRIPTION file' in the 'Writing R Extensions'
    manual.
Flavor: r-devel-windows-x86_64-gcc10-UCRT