CRAN Package Check Results for Package bacistool

Last updated on 2021-09-27 06:48:16 CEST.

Flavor Version Tinstall Tcheck Ttotal Status Flags
r-devel-linux-x86_64-debian-clang 1.0.0 3.10 30.92 34.02 NOTE
r-devel-linux-x86_64-debian-gcc 1.0.0 2.28 23.87 26.15 NOTE
r-devel-linux-x86_64-fedora-clang 1.0.0 49.57 NOTE
r-devel-linux-x86_64-fedora-gcc 1.0.0 40.90 NOTE
r-devel-windows-x86_64 1.0.0 5.00 35.00 40.00 NOTE
r-devel-windows-x86_64-gcc10-UCRT 1.0.0 NOTE
r-patched-linux-x86_64 1.0.0 3.11 30.11 33.22 NOTE
r-patched-solaris-x86 1.0.0 76.70 NOTE
r-release-linux-x86_64 1.0.0 3.00 30.28 33.28 NOTE
r-release-macos-arm64 1.0.0 NOTE
r-release-macos-x86_64 1.0.0 NOTE
r-release-windows-ix86+x86_64 1.0.0 6.00 47.00 53.00 NOTE
r-oldrel-macos-x86_64 1.0.0 OK
r-oldrel-windows-ix86+x86_64 1.0.0 7.00 36.00 43.00 OK

Check Details

Version: 1.0.0
Check: LazyData
Result: NOTE
     'LazyData' is specified without a 'data' directory
Flavors: r-devel-linux-x86_64-debian-clang, r-devel-linux-x86_64-debian-gcc, r-devel-linux-x86_64-fedora-clang, r-devel-linux-x86_64-fedora-gcc, r-devel-windows-x86_64, r-devel-windows-x86_64-gcc10-UCRT, r-patched-linux-x86_64, r-patched-solaris-x86, r-release-linux-x86_64, r-release-macos-arm64, r-release-macos-x86_64, r-release-windows-ix86+x86_64