CRAN Package Check Results for Package badgecreatr

Last updated on 2021-09-28 06:48:17 CEST.

Flavor Version Tinstall Tcheck Ttotal Status Flags
r-devel-linux-x86_64-debian-clang 0.2.0 2.40 33.36 35.76 NOTE
r-devel-linux-x86_64-debian-gcc 0.2.0 2.06 26.10 28.16 NOTE
r-devel-linux-x86_64-fedora-clang 0.2.0 50.47 NOTE
r-devel-linux-x86_64-fedora-gcc 0.2.0 39.96 NOTE
r-devel-windows-x86_64 0.2.0 4.00 53.00 57.00 NOTE
r-devel-windows-x86_64-gcc10-UCRT 0.1.0 NOTE
r-patched-linux-x86_64 0.2.0 3.47 32.85 36.32 NOTE
r-patched-solaris-x86 0.2.0 56.80 NOTE
r-release-linux-x86_64 0.2.0 2.59 33.08 35.67 NOTE
r-release-macos-arm64 0.2.0 NOTE
r-release-macos-x86_64 0.2.0 NOTE
r-release-windows-ix86+x86_64 0.2.0 6.00 58.00 64.00 NOTE
r-oldrel-macos-x86_64 0.2.0 OK
r-oldrel-windows-ix86+x86_64 0.2.0 16.00 46.00 62.00 OK

Check Details

Version: 0.2.0
Check: LazyData
Result: NOTE
     'LazyData' is specified without a 'data' directory
Flavors: r-devel-linux-x86_64-debian-clang, r-devel-linux-x86_64-debian-gcc, r-devel-linux-x86_64-fedora-clang, r-devel-linux-x86_64-fedora-gcc, r-devel-windows-x86_64, r-devel-windows-x86_64-gcc10-UCRT, r-patched-linux-x86_64, r-patched-solaris-x86, r-release-linux-x86_64, r-release-macos-arm64, r-release-macos-x86_64, r-release-windows-ix86+x86_64