CRAN Package Check Results for Package bartMachine

Last updated on 2021-09-19 06:48:45 CEST.

Flavor Version Tinstall Tcheck Ttotal Status Flags
r-devel-linux-x86_64-debian-clang 1.2.6 7.29 97.18 104.47 OK
r-devel-linux-x86_64-debian-gcc 1.2.6 5.32 74.94 80.26 OK
r-devel-linux-x86_64-fedora-clang 1.2.6 133.93 OK
r-devel-linux-x86_64-fedora-gcc 1.2.6 120.76 OK
r-devel-windows-x86_64 1.2.6 8.00 98.00 106.00 OK
r-devel-windows-x86_64-gcc10-UCRT 1.2.6 ERROR
r-patched-linux-x86_64 1.2.6 8.16 96.29 104.45 OK
r-patched-solaris-x86 1.2.6 173.10 OK
r-release-linux-x86_64 1.2.6 7.75 93.48 101.23 OK
r-release-macos-arm64 1.2.6 OK
r-release-macos-x86_64 1.2.6 OK
r-release-windows-ix86+x86_64 1.2.6 15.00 105.00 120.00 OK
r-oldrel-macos-x86_64 1.2.6 OK
r-oldrel-windows-ix86+x86_64 1.2.6 14.00 84.00 98.00 OK

Check Details

Version: 1.2.6
Check: whether package can be installed
Result: WARN
    Found the following significant warnings:
     WARNING: installation-time patches will not be applied, could not get the patches index
Flavor: r-devel-windows-x86_64-gcc10-UCRT

Version: 1.2.6
Check: PDF version of manual
Result: WARN
    LaTeX errors when creating PDF version.
    This typically indicates Rd problems.
Flavor: r-devel-windows-x86_64-gcc10-UCRT

Version: 1.2.6
Check: PDF version of manual without hyperrefs or index
Result: ERROR
    Re-running with no redirection of stdout/stderr.
Flavor: r-devel-windows-x86_64-gcc10-UCRT