Last updated on 2023-01-28 02:57:13 CET.
Flavor | Version | Tinstall | Tcheck | Ttotal | Status | Flags |
---|---|---|---|---|---|---|
r-devel-linux-x86_64-debian-clang | 7.2-2 | 22.83 | 120.58 | 143.41 | OK | |
r-devel-linux-x86_64-debian-gcc | 7.2-2 | 14.11 | 86.17 | 100.28 | OK | |
r-devel-linux-x86_64-fedora-clang | 7.2-2 | 181.49 | NOTE | |||
r-devel-linux-x86_64-fedora-gcc | 7.2-2 | 165.41 | OK | |||
r-devel-windows-x86_64 | 7.2-2 | 1123.00 | 158.00 | 1281.00 | OK | |
r-patched-linux-x86_64 | 7.2-2 | 19.80 | 105.23 | 125.03 | OK | |
r-release-linux-x86_64 | 7.2-2 | 16.96 | 107.55 | 124.51 | OK | |
r-release-macos-arm64 | 7.2-2 | 43.00 | NOTE | |||
r-release-macos-x86_64 | 7.2-2 | 63.00 | NOTE | |||
r-release-windows-x86_64 | 7.2-2 | 1519.00 | 159.00 | 1678.00 | OK | |
r-oldrel-macos-arm64 | 7.2-2 | 43.00 | NOTE | |||
r-oldrel-macos-x86_64 | 7.2-2 | 65.00 | NOTE | |||
r-oldrel-windows-ix86+x86_64 | 7.2-2 | 41.00 | 157.00 | 198.00 | OK |
Version: 7.2-2
Check: installed package size
Result: NOTE
installed size is 5.8Mb
sub-directories of 1Mb or more:
ex-data 4.7Mb
Flavors: r-devel-linux-x86_64-fedora-clang, r-release-macos-arm64, r-release-macos-x86_64, r-oldrel-macos-arm64, r-oldrel-macos-x86_64