CRAN Package Check Results for Package bayesbr

Last updated on 2021-09-20 07:50:20 CEST.

Flavor Version Tinstall Tcheck Ttotal Status Flags
r-devel-linux-x86_64-debian-clang 0.0.1.0 150.85 196.89 347.74 NOTE
r-devel-linux-x86_64-debian-gcc 0.0.1.0 121.55 152.47 274.02 NOTE
r-devel-linux-x86_64-fedora-clang 0.0.1.0 453.60 NOTE
r-devel-linux-x86_64-fedora-gcc 0.0.1.0 479.15 NOTE
r-devel-windows-x86_64 0.0.1.0 125.00 229.00 354.00 NOTE
r-devel-windows-x86_64-gcc10-UCRT 0.0.1.0 ERROR
r-patched-linux-x86_64 0.0.1.0 128.44 202.49 330.93 NOTE
r-patched-solaris-x86 0.0.1.0 562.00 NOTE
r-release-linux-x86_64 0.0.1.0 135.33 202.68 338.01 NOTE
r-release-macos-arm64 0.0.1.0 NOTE
r-release-macos-x86_64 0.0.1.0 NOTE
r-release-windows-ix86+x86_64 0.0.1.0 320.00 449.00 769.00 NOTE
r-oldrel-macos-x86_64 0.0.1.0 NOTE
r-oldrel-windows-ix86+x86_64 0.0.1.0 330.00 497.00 827.00 NOTE

Check Details

Version: 0.0.1.0
Check: for GNU extensions in Makefiles
Result: NOTE
    GNU make is a SystemRequirements.
Flavors: r-devel-linux-x86_64-debian-clang, r-devel-linux-x86_64-debian-gcc, r-devel-linux-x86_64-fedora-clang, r-devel-linux-x86_64-fedora-gcc, r-devel-windows-x86_64, r-patched-linux-x86_64, r-patched-solaris-x86, r-release-linux-x86_64, r-release-macos-arm64, r-release-macos-x86_64, r-release-windows-ix86+x86_64, r-oldrel-macos-x86_64, r-oldrel-windows-ix86+x86_64

Version: 0.0.1.0
Check: installed package size
Result: NOTE
     installed size is 31.6Mb
     sub-directories of 1Mb or more:
     libs 29.4Mb
Flavors: r-devel-linux-x86_64-fedora-clang, r-release-macos-arm64, r-release-macos-x86_64, r-release-windows-ix86+x86_64, r-oldrel-macos-x86_64, r-oldrel-windows-ix86+x86_64

Version: 0.0.1.0
Check: dependencies in R code
Result: NOTE
    Namespaces in Imports field not imported from:
     ‘magrittr’ ‘rstantools’
     All declared Imports should be used.
Flavors: r-devel-linux-x86_64-fedora-clang, r-devel-linux-x86_64-fedora-gcc, r-patched-solaris-x86, r-release-macos-arm64, r-release-macos-x86_64, r-oldrel-macos-x86_64

Version: 0.0.1.0
Check: package dependencies
Result: NOTE
    Package suggested but not available for checking: 'highcharter'
Flavor: r-devel-windows-x86_64-gcc10-UCRT

Version: 0.0.1.0
Check: whether package can be installed
Result: ERROR
    Installation failed.
Flavor: r-devel-windows-x86_64-gcc10-UCRT