Last updated on 2023-02-04 00:50:43 CET.
Flavor | Version | Tinstall | Tcheck | Ttotal | Status | Flags |
---|---|---|---|---|---|---|
r-devel-linux-x86_64-debian-clang | 1.0.1 | 558.59 | 372.55 | 931.14 | NOTE | |
r-devel-linux-x86_64-debian-gcc | 1.0.1 | 499.80 | 311.13 | 810.93 | NOTE | |
r-devel-linux-x86_64-fedora-clang | 1.0.1 | 1113.02 | NOTE | |||
r-devel-linux-x86_64-fedora-gcc | 1.0.1 | 1368.28 | NOTE | |||
r-devel-windows-x86_64 | 1.0.1 | 505.00 | 506.00 | 1011.00 | NOTE | |
r-patched-linux-x86_64 | 1.0.1 | 462.37 | 395.86 | 858.23 | NOTE | |
r-release-linux-x86_64 | 1.0.1 | 433.08 | 393.13 | 826.21 | NOTE | |
r-release-macos-arm64 | 1.0.1 | 316.00 | NOTE | |||
r-release-macos-x86_64 | 1.0.1 | 518.00 | NOTE | |||
r-release-windows-x86_64 | 1.0.1 | 592.00 | 489.00 | 1081.00 | NOTE | |
r-oldrel-macos-arm64 | 1.0.1 | 491.00 | NOTE | |||
r-oldrel-macos-x86_64 | 1.0.1 | 371.00 | NOTE | |||
r-oldrel-windows-ix86+x86_64 | 1.0.1 | 1165.00 | 576.00 | 1741.00 | NOTE |
Version: 1.0.1
Check: C++ specification
Result: NOTE
Specified C++14: please update to current default of C++17
Flavors: r-devel-linux-x86_64-debian-clang, r-devel-linux-x86_64-debian-gcc, r-devel-linux-x86_64-fedora-clang, r-devel-linux-x86_64-fedora-gcc, r-devel-windows-x86_64
Version: 1.0.1
Check: for GNU extensions in Makefiles
Result: NOTE
GNU make is a SystemRequirements.
Flavors: r-devel-linux-x86_64-debian-clang, r-devel-linux-x86_64-debian-gcc, r-devel-linux-x86_64-fedora-clang, r-devel-linux-x86_64-fedora-gcc, r-devel-windows-x86_64, r-patched-linux-x86_64, r-release-linux-x86_64, r-release-macos-arm64, r-release-macos-x86_64, r-release-windows-x86_64, r-oldrel-macos-arm64, r-oldrel-macos-x86_64, r-oldrel-windows-ix86+x86_64
Version: 1.0.1
Check: installed package size
Result: NOTE
installed size is 7.4Mb
sub-directories of 1Mb or more:
libs 6.0Mb
Flavors: r-devel-linux-x86_64-fedora-clang, r-devel-windows-x86_64, r-release-macos-arm64, r-release-macos-x86_64, r-release-windows-x86_64, r-oldrel-macos-arm64, r-oldrel-macos-x86_64, r-oldrel-windows-ix86+x86_64
Version: 1.0.1
Check: dependencies in R code
Result: NOTE
Namespaces in Imports field not imported from:
‘RcppParallel’ ‘StanHeaders’ ‘astsa’
All declared Imports should be used.
Flavors: r-devel-linux-x86_64-fedora-clang, r-devel-linux-x86_64-fedora-gcc, r-release-macos-arm64, r-release-macos-x86_64, r-oldrel-macos-arm64, r-oldrel-macos-x86_64