CRAN Package Check Results for Package bdsmatrix

Last updated on 2021-11-27 06:50:22 CET.

Flavor Version Tinstall Tcheck Ttotal Status Flags
r-devel-linux-x86_64-debian-clang 1.3-4 NOTE
r-devel-linux-x86_64-debian-gcc 1.3-4 7.53 37.25 44.78 NOTE
r-devel-linux-x86_64-fedora-clang 1.3-4 83.42 NOTE
r-devel-linux-x86_64-fedora-gcc 1.3-4 72.76 NOTE
r-devel-windows-x86_64-new-UL 1.3-4 34.00 91.00 125.00 NOTE
r-devel-windows-x86_64-new-TK 1.3-4 NOTE
r-devel-windows-x86_64-old 1.3-4 24.00 76.00 100.00 NOTE
r-patched-linux-x86_64 1.3-4 9.35 46.53 55.88 NOTE
r-patched-solaris-x86 1.3-4 113.80 NOTE
r-release-linux-x86_64 1.3-4 NOTE
r-release-macos-arm64 1.3-4 NOTE
r-release-macos-x86_64 1.3-4 NOTE
r-release-windows-ix86+x86_64 1.3-4 36.00 78.00 114.00 NOTE
r-oldrel-macos-x86_64 1.3-4 OK
r-oldrel-windows-ix86+x86_64 1.3-4 30.00 93.00 123.00 OK

Check Details

Version: 1.3-4
Check: LazyData
Result: NOTE
     'LazyData' is specified without a 'data' directory
Flavors: r-devel-linux-x86_64-debian-clang, r-devel-linux-x86_64-debian-gcc, r-devel-linux-x86_64-fedora-clang, r-devel-linux-x86_64-fedora-gcc, r-devel-windows-x86_64-new-UL, r-devel-windows-x86_64-new-TK, r-devel-windows-x86_64-old, r-patched-linux-x86_64, r-patched-solaris-x86, r-release-linux-x86_64, r-release-macos-arm64, r-release-macos-x86_64, r-release-windows-ix86+x86_64