Last updated on 2023-05-28 01:53:52 CEST.
Flavor | Version | Tinstall | Tcheck | Ttotal | Status | Flags |
---|---|---|---|---|---|---|
r-devel-linux-x86_64-debian-clang | 0.2.5 | 24.67 | 39.46 | 64.13 | NOTE | |
r-devel-linux-x86_64-debian-gcc | 0.2.5 | 16.52 | 31.10 | 47.62 | NOTE | |
r-devel-linux-x86_64-fedora-clang | 0.2.5 | 97.47 | NOTE | |||
r-devel-linux-x86_64-fedora-gcc | 0.2.5 | 88.28 | NOTE | |||
r-devel-windows-x86_64 | 0.2.5 | 19.00 | 71.00 | 90.00 | NOTE | |
r-patched-linux-x86_64 | 0.2.5 | 22.20 | 37.93 | 60.13 | NOTE | |
r-release-linux-x86_64 | 0.2.5 | 21.06 | 37.44 | 58.50 | NOTE | |
r-release-macos-arm64 | 0.2.5 | 33.00 | NOTE | |||
r-release-macos-x86_64 | 0.2.5 | 48.00 | NOTE | |||
r-release-windows-x86_64 | 0.2.5 | 22.00 | 83.00 | 105.00 | NOTE | |
r-oldrel-macos-arm64 | 0.2.5 | 33.00 | NOTE | |||
r-oldrel-macos-x86_64 | 0.2.5 | 49.00 | NOTE | |||
r-oldrel-windows-x86_64 | 0.2.5 | 28.00 | 82.00 | 110.00 | NOTE |
Version: 0.2.5
Check: C++ specification
Result: NOTE
Specified C++11: please drop specification unless essential
Flavors: r-devel-linux-x86_64-debian-clang, r-devel-linux-x86_64-debian-gcc, r-devel-linux-x86_64-fedora-clang, r-devel-linux-x86_64-fedora-gcc, r-devel-windows-x86_64, r-patched-linux-x86_64, r-release-linux-x86_64, r-release-macos-arm64, r-release-macos-x86_64, r-release-windows-x86_64
Version: 0.2.5
Check: LazyData
Result: NOTE
'LazyData' is specified without a 'data' directory
Flavors: r-devel-linux-x86_64-debian-clang, r-devel-linux-x86_64-debian-gcc, r-devel-linux-x86_64-fedora-clang, r-devel-linux-x86_64-fedora-gcc, r-devel-windows-x86_64, r-patched-linux-x86_64, r-release-linux-x86_64, r-release-macos-arm64, r-release-macos-x86_64, r-release-windows-x86_64, r-oldrel-macos-arm64, r-oldrel-macos-x86_64, r-oldrel-windows-x86_64