CRAN Package Check Results for Package bestglm

Last updated on 2021-09-21 06:48:11 CEST.

Flavor Version Tinstall Tcheck Ttotal Status Flags
r-devel-linux-x86_64-debian-clang 0.37.3 10.05 79.28 89.33 OK
r-devel-linux-x86_64-debian-gcc 0.37.3 8.15 60.36 68.51 OK
r-devel-linux-x86_64-fedora-clang 0.37.3 114.57 OK
r-devel-linux-x86_64-fedora-gcc 0.37.3 106.49 OK
r-devel-windows-x86_64 0.37.3 10.00 74.00 84.00 OK
r-devel-windows-x86_64-gcc10-UCRT 0.37.3 ERROR
r-patched-linux-x86_64 0.37.3 9.50 75.87 85.37 OK
r-patched-solaris-x86 0.37.3 151.40 OK
r-release-linux-x86_64 0.37.3 9.86 76.13 85.99 OK
r-release-macos-arm64 0.37.3 OK
r-release-macos-x86_64 0.37.3 OK
r-release-windows-ix86+x86_64 0.37.3 19.00 105.00 124.00 OK
r-oldrel-macos-x86_64 0.37.3 OK
r-oldrel-windows-ix86+x86_64 0.37.3 20.00 76.00 96.00 OK

Check Details

Version: 0.37.3
Check: whether package can be installed
Result: WARN
    Found the following significant warnings:
     WARNING: installation-time patches will not be applied, could not get the patches index
Flavor: r-devel-windows-x86_64-gcc10-UCRT

Version: 0.37.3
Check: PDF version of manual
Result: WARN
    LaTeX errors when creating PDF version.
    This typically indicates Rd problems.
Flavor: r-devel-windows-x86_64-gcc10-UCRT

Version: 0.37.3
Check: PDF version of manual without hyperrefs or index
Result: ERROR
    Re-running with no redirection of stdout/stderr.
Flavor: r-devel-windows-x86_64-gcc10-UCRT