CRAN Package Check Results for Package betategarch

Last updated on 2021-09-19 06:48:46 CEST.

Flavor Version Tinstall Tcheck Ttotal Status Flags
r-devel-linux-x86_64-debian-clang 3.3 4.78 30.94 35.72 OK
r-devel-linux-x86_64-debian-gcc 3.3 3.39 24.44 27.83 OK
r-devel-linux-x86_64-fedora-clang 3.3 53.35 NOTE
r-devel-linux-x86_64-fedora-gcc 3.3 41.57 NOTE
r-devel-windows-x86_64 3.3 7.00 48.00 55.00 OK
r-devel-windows-x86_64-gcc10-UCRT 3.3 ERROR
r-patched-linux-x86_64 3.3 5.24 30.81 36.05 OK
r-patched-solaris-x86 3.3 62.30 OK
r-release-linux-x86_64 3.3 4.33 30.12 34.45 OK
r-release-macos-arm64 3.3 OK
r-release-macos-x86_64 3.3 OK
r-release-windows-ix86+x86_64 3.3 10.00 58.00 68.00 OK
r-oldrel-macos-x86_64 3.3 OK
r-oldrel-windows-ix86+x86_64 3.3 10.00 47.00 57.00 OK

Check Details

Version: 3.3
Check: compiled code
Result: NOTE
    File ‘betategarch/libs/betategarch.so’:
     Found no calls to: ‘R_registerRoutines’, ‘R_useDynamicSymbols’
    
    It is good practice to register native routines and to disable symbol
    search.
    
    See ‘Writing portable packages’ in the ‘Writing R Extensions’ manual.
Flavors: r-devel-linux-x86_64-fedora-clang, r-devel-linux-x86_64-fedora-gcc

Version: 3.3
Check: whether package can be installed
Result: ERROR
    Installation failed.
Flavor: r-devel-windows-x86_64-gcc10-UCRT