CRAN Package Check Results for Package biclique

Last updated on 2021-09-20 07:50:21 CEST.

Flavor Version Tinstall Tcheck Ttotal Status Flags
r-devel-linux-x86_64-debian-clang 1.0.5 4.84 21.15 25.99 NOTE
r-devel-linux-x86_64-debian-gcc 1.0.5 3.20 17.05 20.25 NOTE
r-devel-linux-x86_64-fedora-clang 1.0.5 40.28 NOTE
r-devel-linux-x86_64-fedora-gcc 1.0.5 29.75 NOTE
r-devel-windows-x86_64 1.0.5 9.00 28.00 37.00 NOTE
r-devel-windows-x86_64-gcc10-UCRT 1.0.5 ERROR
r-patched-linux-x86_64 1.0.5 4.16 20.91 25.07 NOTE
r-patched-solaris-x86 1.0.5 50.50 NOTE
r-release-linux-x86_64 1.0.5 3.98 21.00 24.98 NOTE
r-release-macos-arm64 1.0.5 NOTE
r-release-macos-x86_64 1.0.5 NOTE
r-release-windows-ix86+x86_64 1.0.5 15.00 44.00 59.00 NOTE
r-oldrel-macos-x86_64 1.0.5 OK
r-oldrel-windows-ix86+x86_64 1.0.5 14.00 43.00 57.00 OK

Check Details

Version: 1.0.5
Check: LazyData
Result: NOTE
     'LazyData' is specified without a 'data' directory
Flavors: r-devel-linux-x86_64-debian-clang, r-devel-linux-x86_64-debian-gcc, r-devel-linux-x86_64-fedora-clang, r-devel-linux-x86_64-fedora-gcc, r-devel-windows-x86_64, r-patched-linux-x86_64, r-patched-solaris-x86, r-release-linux-x86_64, r-release-macos-arm64, r-release-macos-x86_64, r-release-windows-ix86+x86_64

Version: 1.0.5
Check: whether package can be installed
Result: ERROR
    Installation failed.
Flavor: r-devel-windows-x86_64-gcc10-UCRT