CRAN Package Check Results for Package biclustermd

Last updated on 2021-09-19 06:48:46 CEST.

Flavor Version Tinstall Tcheck Ttotal Status Flags
r-devel-linux-x86_64-debian-clang 0.2.3 10.09 152.82 162.91 OK
r-devel-linux-x86_64-debian-gcc 0.2.3 7.82 110.45 118.27 OK
r-devel-linux-x86_64-fedora-clang 0.2.3 196.68 NOTE
r-devel-linux-x86_64-fedora-gcc 0.2.3 181.72 NOTE
r-devel-windows-x86_64 0.2.3 11.00 176.00 187.00 OK
r-devel-windows-x86_64-gcc10-UCRT 0.2.3 ERROR
r-patched-linux-x86_64 0.2.3 7.23 142.25 149.48 OK
r-patched-solaris-x86 0.2.3 268.40 NOTE
r-release-linux-x86_64 0.2.3 8.50 141.48 149.98 OK
r-release-macos-arm64 0.2.3 NOTE
r-release-macos-x86_64 0.2.3 NOTE
r-release-windows-ix86+x86_64 0.2.3 21.00 191.00 212.00 OK
r-oldrel-macos-x86_64 0.2.3 NOTE
r-oldrel-windows-ix86+x86_64 0.2.3 21.00 200.00 221.00 OK

Check Details

Version: 0.2.3
Check: dependencies in R code
Result: NOTE
    Namespace in Imports field not imported from: ‘nycflights13’
     All declared Imports should be used.
Flavors: r-devel-linux-x86_64-fedora-clang, r-devel-linux-x86_64-fedora-gcc, r-devel-windows-x86_64-gcc10-UCRT, r-patched-solaris-x86, r-release-macos-arm64, r-release-macos-x86_64, r-oldrel-macos-x86_64

Version: 0.2.3
Check: whether package can be installed
Result: WARN
    Found the following significant warnings:
     WARNING: installation-time patches will not be applied, could not get the patches index
Flavor: r-devel-windows-x86_64-gcc10-UCRT

Version: 0.2.3
Check: PDF version of manual
Result: WARN
    LaTeX errors when creating PDF version.
    This typically indicates Rd problems.
Flavor: r-devel-windows-x86_64-gcc10-UCRT

Version: 0.2.3
Check: PDF version of manual without hyperrefs or index
Result: ERROR
    Re-running with no redirection of stdout/stderr.
Flavor: r-devel-windows-x86_64-gcc10-UCRT