CRAN Package Check Results for Package bife

Last updated on 2021-09-19 06:48:46 CEST.

Flavor Version Tinstall Tcheck Ttotal Status Flags
r-devel-linux-x86_64-debian-clang 0.7.1 46.25 39.54 85.79 OK
r-devel-linux-x86_64-debian-gcc 0.7.1 30.03 30.20 60.23 OK
r-devel-linux-x86_64-fedora-clang 0.7.1 125.06 OK
r-devel-linux-x86_64-fedora-gcc 0.7.1 103.28 OK
r-devel-windows-x86_64 0.7.1 43.00 65.00 108.00 OK
r-devel-windows-x86_64-gcc10-UCRT 0.7.1 ERROR
r-patched-linux-x86_64 0.7.1 37.28 37.21 74.49 OK
r-patched-solaris-x86 0.7.1 119.50 OK
r-release-linux-x86_64 0.7.1 38.31 37.33 75.64 OK
r-release-macos-arm64 0.7.1 OK
r-release-macos-x86_64 0.7.1 OK
r-release-windows-ix86+x86_64 0.7.1 114.00 81.00 195.00 OK
r-oldrel-macos-x86_64 0.7.1 OK
r-oldrel-windows-ix86+x86_64 0.7.1 107.00 90.00 197.00 OK

Check Details

Version: 0.7.1
Check: whether package can be installed
Result: ERROR
    Installation failed.
Flavor: r-devel-windows-x86_64-gcc10-UCRT