CRAN Package Check Results for Package bigtabulate

Last updated on 2021-09-20 07:50:21 CEST.

Flavor Version Tinstall Tcheck Ttotal Status Flags
r-devel-linux-x86_64-debian-clang 1.1.5 22.22 36.08 58.30 OK
r-devel-linux-x86_64-debian-gcc 1.1.5 17.18 28.65 45.83 OK
r-devel-linux-x86_64-fedora-clang 1.1.5 86.04 NOTE
r-devel-linux-x86_64-fedora-gcc 1.1.5 75.04 NOTE
r-devel-windows-x86_64 1.1.5 20.00 49.00 69.00 OK
r-devel-windows-x86_64-gcc10-UCRT 1.1.5 ERROR
r-patched-linux-x86_64 1.1.5 21.35 35.43 56.78 OK
r-patched-solaris-x86 1.1.5 88.40 OK
r-release-linux-x86_64 1.1.5 21.35 35.67 57.02 OK
r-release-macos-arm64 1.1.5 OK
r-release-macos-x86_64 1.1.5 OK
r-release-windows-ix86+x86_64 1.1.5 58.00 82.00 140.00 OK
r-oldrel-macos-x86_64 1.1.5 OK
r-oldrel-windows-ix86+x86_64 1.1.5 56.00 67.00 123.00 OK

Additional issues

rchk

Check Details

Version: 1.1.5
Check: top-level files
Result: NOTE
     possible bashism in configure line 13 (echo -n):
     echo -n " checking for Sun Studio compiler..."
     possible bashism in configure line 23 (echo -n):
     echo -n " checking for OS..."
Flavors: r-devel-linux-x86_64-fedora-clang, r-devel-linux-x86_64-fedora-gcc

Version: 1.1.5
Check: compiled code
Result: NOTE
    File ‘bigtabulate/libs/bigtabulate.so’:
     Found no calls to: ‘R_registerRoutines’, ‘R_useDynamicSymbols’
    
    It is good practice to register native routines and to disable symbol
    search.
    
    See ‘Writing portable packages’ in the ‘Writing R Extensions’ manual.
Flavors: r-devel-linux-x86_64-fedora-clang, r-devel-linux-x86_64-fedora-gcc

Version: 1.1.5
Check: whether package can be installed
Result: ERROR
    Installation failed.
Flavor: r-devel-windows-x86_64-gcc10-UCRT