CRAN Package Check Results for Package binomialcftp

Last updated on 2021-09-26 06:49:01 CEST.

Flavor Version Tinstall Tcheck Ttotal Status Flags
r-devel-linux-x86_64-debian-clang 1.0 1.92 28.12 30.04 NOTE
r-devel-linux-x86_64-debian-gcc 1.0 1.53 21.43 22.96 NOTE
r-devel-linux-x86_64-fedora-clang 1.0 44.91 NOTE
r-devel-linux-x86_64-fedora-gcc 1.0 34.48 NOTE
r-devel-windows-x86_64 1.0 3.00 30.00 33.00 NOTE
r-devel-windows-x86_64-gcc10-UCRT 1.0 NOTE
r-patched-linux-x86_64 1.0 1.96 27.61 29.57 NOTE
r-patched-solaris-x86 1.0 51.20 NOTE
r-release-linux-x86_64 1.0 1.90 27.67 29.57 NOTE
r-release-macos-arm64 1.0 NOTE
r-release-macos-x86_64 1.0 NOTE
r-release-windows-ix86+x86_64 1.0 4.00 39.00 43.00 NOTE
r-oldrel-macos-x86_64 1.0 NOTE
r-oldrel-windows-ix86+x86_64 1.0 4.00 40.00 44.00 NOTE

Check Details

Version: 1.0
Check: R code for possible problems
Result: NOTE
    bin_ps: no visible global function definition for 'runif'
    bin_ps: no visible global function definition for 'dbinom'
    draw_i: no visible global function definition for 'runif'
    Undefined global functions or variables:
     dbinom runif
    Consider adding
     importFrom("stats", "dbinom", "runif")
    to your NAMESPACE file.
Flavors: r-devel-linux-x86_64-debian-clang, r-devel-linux-x86_64-debian-gcc, r-devel-linux-x86_64-fedora-clang, r-devel-linux-x86_64-fedora-gcc, r-devel-windows-x86_64, r-devel-windows-x86_64-gcc10-UCRT, r-patched-linux-x86_64, r-patched-solaris-x86, r-release-linux-x86_64, r-release-macos-arm64, r-release-macos-x86_64, r-release-windows-ix86+x86_64, r-oldrel-macos-x86_64, r-oldrel-windows-ix86+x86_64