CRAN Package Check Results for Package bio3d

Last updated on 2021-10-22 12:59:07 CEST.

Flavor Version Tinstall Tcheck Ttotal Status Flags
r-devel-linux-x86_64-debian-clang 2.4-2 73.66 197.80 271.46 NOTE
r-devel-linux-x86_64-debian-gcc 2.4-2 60.97 144.75 205.72 NOTE
r-devel-linux-x86_64-fedora-clang 2.4-2 383.73 NOTE
r-devel-linux-x86_64-fedora-gcc 2.4-2 340.99 NOTE
r-devel-windows-x86_64 2.4-2 109.00 244.00 353.00 OK
r-devel-windows-x86_64-gcc10-UCRT 2.4-2 NOTE
r-patched-linux-x86_64 2.4-2 69.58 190.77 260.35 NOTE
r-patched-solaris-x86 2.4-2 404.30 NOTE
r-release-linux-x86_64 2.4-2 68.26 190.40 258.66 NOTE
r-release-macos-arm64 2.4-2 NOTE
r-release-macos-x86_64 2.4-2 NOTE
r-release-windows-ix86+x86_64 2.4-2 130.00 320.00 450.00 NOTE
r-oldrel-macos-x86_64 2.4-2 NOTE
r-oldrel-windows-ix86+x86_64 2.4-2 174.00 313.00 487.00 NOTE

Check Details

Version: 2.4-2
Check: package dependencies
Result: NOTE
    Package suggested but not available for checking: 'msa'
Flavors: r-devel-linux-x86_64-debian-clang, r-devel-linux-x86_64-debian-gcc, r-devel-linux-x86_64-fedora-clang, r-devel-linux-x86_64-fedora-gcc, r-patched-linux-x86_64, r-patched-solaris-x86, r-release-linux-x86_64, r-release-macos-arm64, r-release-macos-x86_64, r-oldrel-macos-x86_64

Version: 2.4-2
Check: installed package size
Result: NOTE
     installed size is 6.1Mb
     sub-directories of 1Mb or more:
     libs 2.4Mb
Flavors: r-devel-linux-x86_64-fedora-clang, r-release-macos-arm64, r-release-macos-x86_64, r-release-windows-ix86+x86_64, r-oldrel-macos-x86_64, r-oldrel-windows-ix86+x86_64

Version: 2.4-2
Check: package dependencies
Result: NOTE
    Package suggested but not available for checking: 'igraph'
Flavor: r-devel-windows-x86_64-gcc10-UCRT

Version: 2.4-2
Check: Rd cross-references
Result: NOTE
    Package unavailable to check Rd xrefs: 'igraph'
Flavor: r-devel-windows-x86_64-gcc10-UCRT