CRAN Package Check Results for Package biolink

Last updated on 2023-06-01 02:53:43 CEST.

Flavor Version Tinstall Tcheck Ttotal Status Flags
r-devel-linux-x86_64-debian-clang 0.1.7 4.34 47.83 52.17 NOTE
r-devel-linux-x86_64-debian-gcc 0.1.7 4.25 37.91 42.16 NOTE
r-devel-linux-x86_64-fedora-clang 0.1.7 66.38 NOTE
r-devel-linux-x86_64-fedora-gcc 0.1.7 63.62 NOTE
r-devel-windows-x86_64 0.1.7 7.00 55.00 62.00 NOTE
r-patched-linux-x86_64 0.1.7 NOTE
r-release-linux-x86_64 0.1.7 4.82 46.94 51.76 NOTE
r-release-macos-arm64 0.1.7 30.00 NOTE
r-release-macos-x86_64 0.1.7 35.00 NOTE
r-release-windows-x86_64 0.1.7 8.00 62.00 70.00 NOTE
r-oldrel-macos-arm64 0.1.7 23.00 NOTE
r-oldrel-macos-x86_64 0.1.7 31.00 NOTE
r-oldrel-windows-x86_64 0.1.7 8.00 64.00 72.00 NOTE

Check Details

Version: 0.1.7
Check: LazyData
Result: NOTE
     'LazyData' is specified without a 'data' directory
Flavors: r-devel-linux-x86_64-debian-clang, r-devel-linux-x86_64-debian-gcc, r-devel-linux-x86_64-fedora-clang, r-devel-linux-x86_64-fedora-gcc, r-devel-windows-x86_64, r-patched-linux-x86_64, r-release-linux-x86_64, r-release-macos-arm64, r-release-macos-x86_64, r-release-windows-x86_64, r-oldrel-macos-arm64, r-oldrel-macos-x86_64, r-oldrel-windows-x86_64