CRAN Package Check Results for Package biospear

Last updated on 2021-09-21 06:48:11 CEST.

Flavor Version Tinstall Tcheck Ttotal Status Flags
r-devel-linux-x86_64-debian-clang 1.0.2 29.75 236.67 266.42 OK
r-devel-linux-x86_64-debian-gcc 1.0.2 22.94 175.58 198.52 OK
r-devel-linux-x86_64-fedora-clang 1.0.2 325.14 OK
r-devel-linux-x86_64-fedora-gcc 1.0.2 311.80 OK
r-devel-windows-x86_64 1.0.2 34.00 196.00 230.00 OK
r-devel-windows-x86_64-gcc10-UCRT 1.0.2 ERROR
r-patched-linux-x86_64 1.0.2 27.30 221.98 249.28 OK
r-patched-solaris-x86 1.0.2 425.50 ERROR
r-release-linux-x86_64 1.0.2 31.59 225.80 257.39 OK
r-release-macos-arm64 1.0.2 OK
r-release-macos-x86_64 1.0.2 OK
r-release-windows-ix86+x86_64 1.0.2 73.00 196.00 269.00 OK
r-oldrel-macos-x86_64 1.0.2 OK
r-oldrel-windows-ix86+x86_64 1.0.2 71.00 196.00 267.00 OK

Check Details

Version: 1.0.2
Check: whether package can be installed
Result: WARN
    Found the following significant warnings:
     WARNING: installation-time patches will not be applied, could not get the patches index
Flavor: r-devel-windows-x86_64-gcc10-UCRT

Version: 1.0.2
Check: PDF version of manual
Result: WARN
    LaTeX errors when creating PDF version.
    This typically indicates Rd problems.
Flavor: r-devel-windows-x86_64-gcc10-UCRT

Version: 1.0.2
Check: PDF version of manual without hyperrefs or index
Result: ERROR
    Re-running with no redirection of stdout/stderr.
Flavor: r-devel-windows-x86_64-gcc10-UCRT

Version: 1.0.2
Check: examples
Result: ERROR
    Running examples in ‘biospear-Ex.R’ failed
    The error most likely occurred in:
    
    > ### Name: BMsel
    > ### Title: Biomarker selection in a Cox regression model
    > ### Aliases: BMsel summary.resBMsel
    > ### Keywords: survival biomarker selection prognostic interactions
    >
    > ### ** Examples
    >
    > ########################################
    > # Simulated data set
    > ########################################
    >
    > ## Low calculation time
    > set.seed(654321)
    > sdata <- simdata(
    + n = 500, p = 20, q.main = 3, q.inter = 0,
    + prob.tt = 0.5, alpha.tt = 0,
    + beta.main = -0.8,
    + b.corr = 0.6, b.corr.by = 4,
    + m0 = 5, wei.shape = 1, recr = 4, fu = 2,
    + timefactor = 1)
    >
    > resBM <- BMsel(
    + data = sdata,
    + method = c("lasso", "lasso-pcvl"),
    + inter = FALSE,
    + folds = 5)
    
    Computing selection with method: lasso
    Warning: from glmnet Fortran code (error code -30000); Numerical error at 0th lambda value; solutions for larger values of lambda returned
    Warning in getcoef(fit, nvars, nx, vnames) :
     an empty model has been returned; probably a convergence issue
    Warning: from glmnet Fortran code (error code -30000); Numerical error at 0th lambda value; solutions for larger values of lambda returned
    Warning in getcoef(fit, nvars, nx, vnames) :
     an empty model has been returned; probably a convergence issue
    Warning: from glmnet Fortran code (error code -30000); Numerical error at 0th lambda value; solutions for larger values of lambda returned
    Warning in getcoef(fit, nvars, nx, vnames) :
     an empty model has been returned; probably a convergence issue
    Warning: from glmnet Fortran code (error code -30000); Numerical error at 0th lambda value; solutions for larger values of lambda returned
    Warning in getcoef(fit, nvars, nx, vnames) :
     an empty model has been returned; probably a convergence issue
    Warning: from glmnet Fortran code (error code -30000); Numerical error at 0th lambda value; solutions for larger values of lambda returned
    Warning in getcoef(fit, nvars, nx, vnames) :
     an empty model has been returned; probably a convergence issue
    Warning: from glmnet Fortran code (error code -30000); Numerical error at 0th lambda value; solutions for larger values of lambda returned
    Warning in getcoef(fit, nvars, nx, vnames) :
     an empty model has been returned; probably a convergence issue
    Warning: from glmnet Fortran code (error code -30000); Numerical error at 0th lambda value; solutions for larger values of lambda returned
    Warning in getcoef(fit, nvars, nx, vnames) :
     an empty model has been returned; probably a convergence issue
    Error in coxnet(xd, is.sparse, ix, jx, y, weights, offset, alpha, nobs, :
     NA/NaN/Inf in foreign function call (arg 16)
    Calls: BMsel -> lapply -> FUN -> <Anonymous> -> glmnet -> coxnet
    Execution halted
Flavor: r-patched-solaris-x86