CRAN Package Check Results for Package birtr

Last updated on 2021-09-27 06:48:17 CEST.

Flavor Version Tinstall Tcheck Ttotal Status Flags
r-devel-linux-x86_64-debian-clang 1.0.0 2.58 24.88 27.46 NOTE
r-devel-linux-x86_64-debian-gcc 1.0.0 1.90 19.30 21.20 NOTE
r-devel-linux-x86_64-fedora-clang 1.0.0 41.39 NOTE
r-devel-linux-x86_64-fedora-gcc 1.0.0 31.54 NOTE
r-devel-windows-x86_64 1.0.0 4.00 29.00 33.00 NOTE
r-devel-windows-x86_64-gcc10-UCRT 1.0.0 NOTE
r-patched-linux-x86_64 1.0.0 2.19 24.22 26.41 NOTE
r-patched-solaris-x86 1.0.0 47.80 NOTE
r-release-linux-x86_64 1.0.0 2.16 24.43 26.59 NOTE
r-release-macos-arm64 1.0.0 NOTE
r-release-macos-x86_64 1.0.0 NOTE
r-release-windows-ix86+x86_64 1.0.0 5.00 31.00 36.00 NOTE
r-oldrel-macos-x86_64 1.0.0 OK
r-oldrel-windows-ix86+x86_64 1.0.0 18.00 31.00 49.00 OK

Check Details

Version: 1.0.0
Check: LazyData
Result: NOTE
     'LazyData' is specified without a 'data' directory
Flavors: r-devel-linux-x86_64-debian-clang, r-devel-linux-x86_64-debian-gcc, r-devel-linux-x86_64-fedora-clang, r-devel-linux-x86_64-fedora-gcc, r-devel-windows-x86_64, r-devel-windows-x86_64-gcc10-UCRT, r-patched-linux-x86_64, r-patched-solaris-x86, r-release-linux-x86_64, r-release-macos-arm64, r-release-macos-x86_64, r-release-windows-ix86+x86_64