CRAN Package Check Results for Package bistablehistory

Last updated on 2023-02-04 00:50:44 CET.

Flavor Version Tinstall Tcheck Ttotal Status Flags
r-devel-linux-x86_64-debian-clang 1.1.1 178.67 133.66 312.33 NOTE
r-devel-linux-x86_64-debian-gcc 1.1.1 138.53 106.82 245.35 NOTE
r-devel-linux-x86_64-fedora-clang 1.1.1 387.82 NOTE
r-devel-linux-x86_64-fedora-gcc 1.1.1 436.24 NOTE
r-devel-windows-x86_64 1.1.1 189.00 224.00 413.00 NOTE
r-patched-linux-x86_64 1.1.1 134.47 134.55 269.02 NOTE
r-release-linux-x86_64 1.1.1 118.19 138.17 256.36 NOTE
r-release-macos-arm64 1.1.1 133.00 NOTE
r-release-macos-x86_64 1.1.1 207.00 NOTE
r-release-windows-x86_64 1.1.1 207.00 230.00 437.00 NOTE
r-oldrel-macos-arm64 1.1.1 94.00 NOTE
r-oldrel-macos-x86_64 1.1.1 143.00 NOTE
r-oldrel-windows-ix86+x86_64 1.1.1 364.00 253.00 617.00 NOTE

Check Details

Version: 1.1.1
Check: C++ specification
Result: NOTE
     Specified C++14: please update to current default of C++17
Flavors: r-devel-linux-x86_64-debian-clang, r-devel-linux-x86_64-debian-gcc, r-devel-linux-x86_64-fedora-clang, r-devel-linux-x86_64-fedora-gcc, r-devel-windows-x86_64

Version: 1.1.1
Check: for GNU extensions in Makefiles
Result: NOTE
    GNU make is a SystemRequirements.
Flavors: r-devel-linux-x86_64-debian-clang, r-devel-linux-x86_64-debian-gcc, r-devel-linux-x86_64-fedora-clang, r-devel-linux-x86_64-fedora-gcc, r-devel-windows-x86_64, r-patched-linux-x86_64, r-release-linux-x86_64, r-release-macos-arm64, r-release-macos-x86_64, r-release-windows-x86_64, r-oldrel-macos-arm64, r-oldrel-macos-x86_64, r-oldrel-windows-ix86+x86_64

Version: 1.1.1
Check: dependencies in R code
Result: NOTE
    Namespaces in Imports field not imported from:
     ‘RcppParallel’ ‘magrittr’
     All declared Imports should be used.
Flavors: r-devel-linux-x86_64-fedora-clang, r-devel-linux-x86_64-fedora-gcc, r-release-macos-arm64, r-release-macos-x86_64, r-oldrel-macos-arm64, r-oldrel-macos-x86_64

Version: 1.1.1
Check: installed package size
Result: NOTE
     installed size is 38.6Mb
     sub-directories of 1Mb or more:
     libs 37.6Mb
Flavors: r-release-macos-arm64, r-release-macos-x86_64, r-oldrel-macos-arm64, r-oldrel-macos-x86_64, r-oldrel-windows-ix86+x86_64