CRAN Package Check Results for Package bit

Last updated on 2021-10-22 12:59:07 CEST.

Flavor Version Tinstall Tcheck Ttotal Status Flags
r-devel-linux-x86_64-debian-clang 4.0.4 15.15 245.11 260.26 OK
r-devel-linux-x86_64-debian-gcc 4.0.4 10.48 202.32 212.80 OK
r-devel-linux-x86_64-fedora-clang 4.0.4 259.67 OK
r-devel-linux-x86_64-fedora-gcc 4.0.4 238.28 OK
r-devel-windows-x86_64 4.0.4 21.00 522.00 543.00 OK
r-devel-windows-x86_64-gcc10-UCRT 4.0.4 OK
r-patched-linux-x86_64 4.0.4 13.16 239.56 252.72 OK
r-patched-solaris-x86 4.0.4 389.00 OK
r-release-linux-x86_64 4.0.4 11.53 237.95 249.48 OK
r-release-macos-arm64 4.0.4 OK
r-release-macos-x86_64 4.0.4 WARN
r-release-windows-ix86+x86_64 4.0.4 27.00 561.00 588.00 OK
r-oldrel-macos-x86_64 4.0.4 OK
r-oldrel-windows-ix86+x86_64 4.0.4 55.00 556.00 611.00 OK

Additional issues

rchk

Check Details

Version: 4.0.4
Check: re-building of vignette outputs
Result: WARN
    Error(s) in re-building vignettes:
    --- re-building ‘bit-demo.Rmd’ using rmarkdown
    Warning in engine$weave(file, quiet = quiet, encoding = enc) :
     Pandoc (>= 1.12.3) not available. Falling back to R Markdown v1.
    Loading required package: bit
    
    Attaching package: 'bit'
    
    The following object is masked from 'package:base':
    
     xor
    
    Loading required package: ff
    Attaching package ff
    - getOption("fftempdir")=="/tmp/Rtmp0c3jS4/ff"
    
    - getOption("ffextension")=="ff"
    
    - getOption("ffdrop")==TRUE
    
    - getOption("fffinonexit")==TRUE
    
    - getOption("ffpagesize")==65536
    
    - getOption("ffcaching")=="mmnoflush" -- consider "ffeachflush" if your system stalls on large writes
    
    - getOption("ffbatchbytes")==16777216 -- consider a different value for tuning your system
    
    - getOption("ffmaxbytes")==536870912 -- consider a different value for tuning your system
    
    
    Attaching package: 'ff'
    
    The following objects are masked from 'package:utils':
    
     write.csv, write.csv2
    
    The following objects are masked from 'package:base':
    
     is.factor, is.ordered
    
    --- finished re-building ‘bit-demo.Rmd’
    
    --- re-building ‘bit-performance.Rmd’ using rmarkdown
    Warning in engine$weave(file, quiet = quiet, encoding = enc) :
     Pandoc (>= 1.12.3) not available. Falling back to R Markdown v1.
    Loading required package: bit
    
    Attaching package: 'bit'
    
    The following object is masked from 'package:base':
    
     xor
    
    Loading required package: microbenchmark
    --- finished re-building ‘bit-performance.Rmd’
    
    --- re-building ‘bit-usage.Rmd’ using rmarkdown
    Warning in engine$weave(file, quiet = quiet, encoding = enc) :
     Pandoc (>= 1.12.3) not available. Falling back to R Markdown v1.
    Error: processing vignette 'bit-usage.Rmd' failed with diagnostics:
    there is no package called 'stringi'
    --- failed re-building ‘bit-usage.Rmd’
    
    SUMMARY: processing the following file failed:
     ‘bit-usage.Rmd’
    
    Error: Vignette re-building failed.
    Execution halted
Flavor: r-release-macos-x86_64