CRAN Package Check Results for Package bkmrhat

Last updated on 2021-09-20 07:50:21 CEST.

Flavor Version Tinstall Tcheck Ttotal Status Flags
r-devel-linux-x86_64-debian-clang 1.1.1 13.60 255.60 269.20 OK
r-devel-linux-x86_64-debian-gcc 1.1.1 11.71 189.31 201.02 OK
r-devel-linux-x86_64-fedora-clang 1.1.1 324.33 OK
r-devel-linux-x86_64-fedora-gcc 1.1.1 312.32 OK
r-devel-windows-x86_64 1.1.1 19.00 279.00 298.00 OK
r-devel-windows-x86_64-gcc10-UCRT 1.1.1 ERROR
r-patched-linux-x86_64 1.1.1 12.09 238.76 250.85 OK
r-patched-solaris-x86 1.1.1 523.60 OK
r-release-linux-x86_64 1.1.1 13.55 237.02 250.57 OK
r-release-macos-arm64 1.1.1 OK
r-release-macos-x86_64 1.1.1 OK
r-release-windows-ix86+x86_64 1.1.1 37.00 305.00 342.00 OK
r-oldrel-macos-x86_64 1.1.1 OK
r-oldrel-windows-ix86+x86_64 1.1.1 43.00 397.00 440.00 OK

Check Details

Version: 1.1.1
Check: whether package can be installed
Result: WARN
    Found the following significant warnings:
     WARNING: installation-time patches will not be applied, could not get the patches index
Flavor: r-devel-windows-x86_64-gcc10-UCRT

Version: 1.1.1
Check: PDF version of manual
Result: WARN
    LaTeX errors when creating PDF version.
    This typically indicates Rd problems.
Flavor: r-devel-windows-x86_64-gcc10-UCRT

Version: 1.1.1
Check: PDF version of manual without hyperrefs or index
Result: ERROR
    Re-running with no redirection of stdout/stderr.
Flavor: r-devel-windows-x86_64-gcc10-UCRT