Last updated on 2025-01-26 00:49:14 CET.
Flavor | Version | Tinstall | Tcheck | Ttotal | Status | Flags |
---|---|---|---|---|---|---|
r-devel-linux-x86_64-debian-clang | 0.1.0 | 741.84 | 143.24 | 885.08 | OK | |
r-devel-linux-x86_64-debian-gcc | 0.1.0 | 647.57 | 158.28 | 805.85 | OK | |
r-devel-linux-x86_64-fedora-clang | 0.1.0 | 1376.60 | NOTE | |||
r-devel-linux-x86_64-fedora-gcc | 0.1.0 | 2109.16 | NOTE | |||
r-devel-windows-x86_64 | 0.1.0 | 702.00 | 214.00 | 916.00 | OK | |
r-patched-linux-x86_64 | 0.1.0 | 872.62 | 208.01 | 1080.63 | NOTE | |
r-release-linux-x86_64 | 0.1.0 | 868.07 | 208.06 | 1076.13 | NOTE | |
r-release-macos-arm64 | 0.1.0 | 350.00 | NOTE | |||
r-release-macos-x86_64 | 0.1.0 | 300.00 | NOTE | |||
r-release-windows-x86_64 | 0.1.0 | 695.00 | 201.00 | 896.00 | NOTE | |
r-oldrel-macos-arm64 | 0.1.0 | 362.00 | NOTE | |||
r-oldrel-macos-x86_64 | 0.1.0 | 548.00 | NOTE | |||
r-oldrel-windows-x86_64 | 0.1.0 | 940.00 | 266.00 | 1206.00 | NOTE |
Version: 0.1.0
Check: dependencies in R code
Result: NOTE
Namespaces in Imports field not imported from:
‘RcppParallel’ ‘rstantools’
All declared Imports should be used.
Flavors: r-devel-linux-x86_64-fedora-clang, r-devel-linux-x86_64-fedora-gcc
Version: 0.1.0
Check: for GNU extensions in Makefiles
Result: NOTE
GNU make is a SystemRequirements.
Flavors: r-patched-linux-x86_64, r-release-linux-x86_64, r-release-macos-arm64, r-release-macos-x86_64, r-release-windows-x86_64, r-oldrel-macos-arm64, r-oldrel-macos-x86_64, r-oldrel-windows-x86_64
Version: 0.1.0
Check: installed package size
Result: NOTE
installed size is 125.0Mb
sub-directories of 1Mb or more:
libs 124.4Mb
Flavors: r-release-macos-arm64, r-release-macos-x86_64, r-release-windows-x86_64, r-oldrel-macos-arm64, r-oldrel-macos-x86_64, r-oldrel-windows-x86_64