CRAN Package Check Results for Package bmscstan

Last updated on 2021-10-21 12:57:54 CEST.

Flavor Version Tinstall Tcheck Ttotal Status Flags
r-devel-linux-x86_64-debian-clang 1.1.0 11.43 93.51 104.94 OK
r-devel-linux-x86_64-debian-gcc 1.1.0 8.23 71.20 79.43 OK
r-devel-linux-x86_64-fedora-clang 1.1.0 139.02 NOTE
r-devel-linux-x86_64-fedora-gcc 1.1.0 125.61 NOTE
r-devel-windows-x86_64 1.1.0 19.00 129.00 148.00 OK
r-devel-windows-x86_64-gcc10-UCRT 1.1.0 NOTE
r-patched-linux-x86_64 1.1.0 10.88 87.19 98.07 OK
r-patched-solaris-x86 1.1.0 177.80 NOTE
r-release-linux-x86_64 1.1.0 9.13 87.43 96.56 OK
r-release-macos-arm64 1.1.0 NOTE
r-release-macos-x86_64 1.1.0 NOTE
r-release-windows-ix86+x86_64 1.1.0 27.00 123.00 150.00 OK
r-oldrel-macos-x86_64 1.1.0 NOTE
r-oldrel-windows-ix86+x86_64 1.1.0 29.00 123.00 152.00 OK

Check Details

Version: 1.1.0
Check: dependencies in R code
Result: NOTE
    Namespace in Imports field not imported from: ‘coda’
     All declared Imports should be used.
Flavors: r-devel-linux-x86_64-fedora-clang, r-devel-linux-x86_64-fedora-gcc, r-devel-windows-x86_64-gcc10-UCRT, r-patched-solaris-x86, r-release-macos-arm64, r-release-macos-x86_64, r-oldrel-macos-x86_64