CRAN Package Check Results for Package bnlearn

Last updated on 2021-09-27 06:48:17 CEST.

Flavor Version Tinstall Tcheck Ttotal Status Flags
r-devel-linux-x86_64-debian-clang 4.7 55.79 105.84 161.63 OK
r-devel-linux-x86_64-debian-gcc 4.7 34.59 78.34 112.93 OK
r-devel-linux-x86_64-fedora-clang 4.7 193.18 OK
r-devel-linux-x86_64-fedora-gcc 4.7 166.54 OK
r-devel-windows-x86_64 4.7 70.00 94.00 164.00 OK
r-devel-windows-x86_64-gcc10-UCRT 4.7 OK
r-patched-linux-x86_64 4.7 45.76 102.27 148.03 OK
r-patched-solaris-x86 4.7 212.10 OK
r-release-linux-x86_64 4.7 43.62 101.24 144.86 OK
r-release-macos-arm64 4.7 NOTE
r-release-macos-x86_64 4.7 OK
r-release-windows-ix86+x86_64 4.7 145.00 123.00 268.00 OK
r-oldrel-macos-x86_64 4.7 OK
r-oldrel-windows-ix86+x86_64 4.7 156.00 100.00 256.00 OK

Check Details

Version: 4.7
Check: package dependencies
Result: NOTE
    Package suggested but not available for checking: ‘gRain’
Flavor: r-release-macos-arm64