Last updated on 2023-05-28 01:53:52 CEST.
Flavor | Version | Tinstall | Tcheck | Ttotal | Status | Flags |
---|---|---|---|---|---|---|
r-devel-linux-x86_64-debian-clang | 1.0.14 | 19.86 | 106.16 | 126.02 | OK | |
r-devel-linux-x86_64-debian-gcc | 1.0.14 | 14.59 | 83.16 | 97.75 | OK | |
r-devel-linux-x86_64-fedora-clang | 1.0.14 | 161.94 | OK | |||
r-devel-linux-x86_64-fedora-gcc | 1.0.14 | 160.79 | OK | |||
r-devel-windows-x86_64 | 1.0.14 | 20.00 | 121.00 | 141.00 | OK | |
r-patched-linux-x86_64 | 1.0.14 | 20.47 | 103.79 | 124.26 | OK | |
r-release-linux-x86_64 | 1.0.14 | 14.36 | 104.48 | 118.84 | OK | |
r-release-macos-arm64 | 1.0.14 | 59.00 | OK | |||
r-release-macos-x86_64 | 1.0.14 | 85.00 | NOTE | |||
r-release-windows-x86_64 | 1.0.14 | 25.00 | 143.00 | 168.00 | OK | |
r-oldrel-macos-arm64 | 1.0.14 | 52.00 | OK | |||
r-oldrel-macos-x86_64 | 1.0.14 | 64.00 | OK | |||
r-oldrel-windows-x86_64 | 1.0.14 | 24.00 | 127.00 | 151.00 | OK |
Version: 1.0.14
Check: package dependencies
Result: NOTE
Packages suggested but not available for checking:
'graph', 'Rgraphviz', 'qgraph'
Flavor: r-release-macos-x86_64