CRAN Package Check Results for Package bootnet

Last updated on 2021-09-22 06:48:17 CEST.

Flavor Version Tinstall Tcheck Ttotal Status Flags
r-devel-linux-x86_64-debian-clang 1.4.3 18.01 161.36 179.37 OK
r-devel-linux-x86_64-debian-gcc 1.4.3 16.71 119.57 136.28 OK
r-devel-linux-x86_64-fedora-clang 1.4.3 234.21 NOTE
r-devel-linux-x86_64-fedora-gcc 1.4.3 215.38 NOTE
r-devel-windows-x86_64 1.4.3 22.00 142.00 164.00 OK
r-devel-windows-x86_64-gcc10-UCRT 1.4.3 ERROR
r-patched-linux-x86_64 1.4.3 14.70 150.82 165.52 OK
r-patched-solaris-x86 1.4.3 287.40 NOTE
r-release-linux-x86_64 1.4.3 19.05 150.40 169.45 OK
r-release-macos-arm64 1.4.3 NOTE
r-release-macos-x86_64 1.4.3 NOTE
r-release-windows-ix86+x86_64 1.4.3 47.00 156.00 203.00 OK
r-oldrel-macos-x86_64 1.4.3 NOTE
r-oldrel-windows-ix86+x86_64 1.4.3 47.00 142.00 189.00 OK

Check Details

Version: 1.4.3
Check: package dependencies
Result: NOTE
    Imports includes 22 non-default packages.
    Importing from so many packages makes the package vulnerable to any of
    them becoming unavailable. Move as many as possible to Suggests and
    use conditionally.
Flavor: r-devel-linux-x86_64-fedora-clang

Version: 1.4.3
Check: dependencies in R code
Result: NOTE
    Namespace in Imports field not imported from: ‘psychTools’
     All declared Imports should be used.
Flavors: r-devel-linux-x86_64-fedora-clang, r-devel-linux-x86_64-fedora-gcc, r-patched-solaris-x86, r-release-macos-arm64, r-release-macos-x86_64, r-oldrel-macos-x86_64

Version: 1.4.3
Check: Rd cross-references
Result: NOTE
    Undeclared package ‘psych’ in Rd xrefs
Flavor: r-devel-linux-x86_64-fedora-clang

Version: 1.4.3
Check: package dependencies
Result: ERROR
    Packages required but not available:
     'igraph', 'IsingFit', 'qgraph', 'huge', 'mgm', 'NetworkToolbox',
     'graphicalVAR', 'BDgraph', 'networktools'
    
    See section 'The DESCRIPTION file' in the 'Writing R Extensions'
    manual.
Flavor: r-devel-windows-x86_64-gcc10-UCRT