CRAN Package Check Results for Package bpDir

Last updated on 2021-09-19 06:48:47 CEST.

Flavor Version Tinstall Tcheck Ttotal Status Flags
r-devel-linux-x86_64-debian-clang 0.1.2 4.92 32.45 37.37 OK
r-devel-linux-x86_64-debian-gcc 0.1.2 3.26 25.13 28.39 OK
r-devel-linux-x86_64-fedora-clang 0.1.2 53.40 OK
r-devel-linux-x86_64-fedora-gcc 0.1.2 43.07 OK
r-devel-windows-x86_64 0.1.2 8.00 48.00 56.00 OK
r-devel-windows-x86_64-gcc10-UCRT 0.1.2 ERROR
r-patched-linux-x86_64 0.1.2 5.08 31.90 36.98 OK
r-patched-solaris-x86 0.1.2 65.00 OK
r-release-linux-x86_64 0.1.2 4.75 31.58 36.33 OK
r-release-macos-arm64 0.1.2 OK
r-release-macos-x86_64 0.1.2 OK
r-release-windows-ix86+x86_64 0.1.2 9.00 40.00 49.00 OK
r-oldrel-macos-x86_64 0.1.2 OK
r-oldrel-windows-ix86+x86_64 0.1.2 9.00 46.00 55.00 OK

Check Details

Version: 0.1.2
Check: whether package can be installed
Result: WARN
    Found the following significant warnings:
     WARNING: installation-time patches will not be applied, could not get the patches index
Flavor: r-devel-windows-x86_64-gcc10-UCRT

Version: 0.1.2
Check: PDF version of manual
Result: WARN
    LaTeX errors when creating PDF version.
    This typically indicates Rd problems.
Flavor: r-devel-windows-x86_64-gcc10-UCRT

Version: 0.1.2
Check: PDF version of manual without hyperrefs or index
Result: ERROR
    Re-running with no redirection of stdout/stderr.
Flavor: r-devel-windows-x86_64-gcc10-UCRT