CRAN Package Check Results for Package brainKCCA

Last updated on 2021-10-22 12:59:08 CEST.

Flavor Version Tinstall Tcheck Ttotal Status Flags
r-devel-linux-x86_64-debian-clang 0.1.0 9.17 66.98 76.15 OK
r-devel-linux-x86_64-debian-gcc 0.1.0 8.55 52.46 61.01 OK
r-devel-linux-x86_64-fedora-clang 0.1.0 104.42 NOTE
r-devel-linux-x86_64-fedora-gcc 0.1.0 93.62 NOTE
r-devel-windows-x86_64 0.1.0 16.00 109.00 125.00 OK
r-devel-windows-x86_64-gcc10-UCRT 0.1.0 NOTE
r-patched-linux-x86_64 0.1.0 9.82 64.64 74.46 OK
r-patched-solaris-x86 0.1.0 122.80 NOTE
r-release-linux-x86_64 0.1.0 10.95 65.11 76.06 OK
r-release-macos-arm64 0.1.0 NOTE
r-release-macos-x86_64 0.1.0 NOTE
r-release-windows-ix86+x86_64 0.1.0 22.00 100.00 122.00 OK
r-oldrel-macos-x86_64 0.1.0 NOTE
r-oldrel-windows-ix86+x86_64 0.1.0 22.00 101.00 123.00 OK

Check Details

Version: 0.1.0
Check: dependencies in R code
Result: NOTE
    Namespaces in Imports field not imported from:
     ‘CCA’ ‘brainR’ ‘elasticnet’
     All declared Imports should be used.
Flavors: r-devel-linux-x86_64-fedora-clang, r-devel-linux-x86_64-fedora-gcc, r-devel-windows-x86_64-gcc10-UCRT, r-patched-solaris-x86, r-release-macos-arm64, r-release-macos-x86_64, r-oldrel-macos-x86_64