CRAN Package Check Results for Package breakage

Last updated on 2022-01-18 07:52:19 CET.

Flavor Version Tinstall Tcheck Ttotal Status Flags
r-devel-linux-x86_64-debian-clang 1.1-1 2.43 35.69 38.12 NOTE
r-devel-linux-x86_64-debian-gcc 1.1-1 1.82 28.94 30.76 NOTE
r-devel-linux-x86_64-fedora-clang 1.1-1 47.41 NOTE
r-devel-linux-x86_64-fedora-gcc 1.1-1 36.16 NOTE
r-devel-windows-x86_64-new-UL 1.1-1 32.00 52.00 84.00 NOTE
r-devel-windows-x86_64-new-TK 1.1-1 NOTE
r-patched-linux-x86_64 1.1-1 4.20 34.17 38.37 NOTE
r-release-linux-x86_64 1.1-1 NOTE
r-release-macos-arm64 1.1-1 NOTE
r-release-macos-x86_64 1.1-1 NOTE
r-release-windows-ix86+x86_64 1.1-1 5.00 39.00 44.00 NOTE
r-oldrel-macos-x86_64 1.1-1 NOTE
r-oldrel-windows-ix86+x86_64 1.1-1 4.00 33.00 37.00 NOTE

Check Details

Version: 1.1-1
Check: R code for possible problems
Result: NOTE
    apply.breaks: no visible binding for global variable 'median'
    break.clust: no visible global function definition for 'median'
    breakage.plot: no visible binding for global variable 'median'
    breakage.plot: no visible global function definition for 'abline'
    breakage.plot: no visible global function definition for 'lm'
    find.bottom: no visible global function definition for 'filter'
    fit.breakage: no visible global function definition for 'optim'
    fit.breakage: no visible global function definition for 'points'
    fit.sensitivity.plot: no visible global function definition for
     'contour'
    fit.sensitivity.plot: no visible global function definition for
     'points'
    fit.sensitivity.plot: no visible global function definition for 'text'
    Undefined global functions or variables:
     abline contour filter lm median optim points text
    Consider adding
     importFrom("graphics", "abline", "contour", "points", "text")
     importFrom("stats", "filter", "lm", "median", "optim")
    to your NAMESPACE file.
Flavors: r-devel-linux-x86_64-debian-clang, r-devel-linux-x86_64-debian-gcc, r-devel-linux-x86_64-fedora-clang, r-devel-linux-x86_64-fedora-gcc, r-devel-windows-x86_64-new-UL, r-devel-windows-x86_64-new-TK, r-patched-linux-x86_64, r-release-linux-x86_64, r-release-macos-arm64, r-release-macos-x86_64, r-release-windows-ix86+x86_64, r-oldrel-macos-x86_64, r-oldrel-windows-ix86+x86_64